{"id":13376,"date":"2023-05-12T04:18:54","date_gmt":"2023-05-12T03:18:54","guid":{"rendered":"https:\/\/partizansko.info\/partizan\/savo-m-skoro\/"},"modified":"2025-03-13T11:20:44","modified_gmt":"2025-03-13T11:20:44","slug":"savo-m-skoro","status":"publish","type":"partizan","link":"https:\/\/partizansko.info\/en\/partizan\/savo-m-skoro\/","title":{"rendered":"Savo M. \u0160KORO\u00a0"},"content":{"rendered":"<!-- wp:themify-builder\/canvas \/-->\n\n\n<p>SAVO (MITRA) \u0160KORO, born on February 18, 1922, in Ba\u010devi\u0107i near Mostar. Farmer. He joined the People&#8217;s Liberation Army and Partisan Detachments (NOV i POJ) in July 1944 in the 2nd Battalion of the 10th Hercegovina Brigade. Member of the Communist Party of Yugoslavia (KPJ) and a political delegate of the unit. He died in the final operations of the Yugoslav Army on May 5, 1945, in the village of Harije near Ilirska Bistrica*.<\/p>\n\n\n\n<p>EXCERPT FROM LITERATURE:<\/p>\n\n\n\n<p><em>&#8220;On May 5th, the Brigade was tasked with cutting off and destroying the enemy wedge that had advanced to the village of Harije, west of Bistrica. However, due to the negligence of the 2nd Battalion&#8217;s headquarters (\u2026) during the night, the enemy inserted one battalion behind the front lines and attacked the unsecured brigade reserve (2nd Battalion) in the village of Brdce. The intervention of the small Reconnaissance Unit of the Brigade prevented a complete defeat and enabled the remaining Battalion to break through. No task during the Brigade&#8217;s existence was paid with more losses than this one. Fifty-four fighters and officers lost their lives in it. There were perhaps twice as many wounded.&#8221;<\/em><\/p>\n\n\n\n<p>*According to the book &#8220;Spomenica Mostara 1941-1945.&#8221;<\/p>\n","protected":false},"excerpt":{"rendered":"<p>SAVO (MITRA) \u0160KORO, born on February 18, 1922, in Ba\u010devi\u0107i near Mostar. Farmer. He joined the People&#8217;s Liberation Army and Partisan Detachments (NOV i POJ) in July 1944 in the 2nd Battalion of the 10th Hercegovina Brigade. Member of the Communist Party of Yugoslavia (KPJ) and a political delegate of the unit. He died in [&hellip;]<\/p>\n","protected":false},"featured_media":9313,"parent":0,"menu_order":0,"template":"","categories":[314,328],"tags":[387,448],"prezime":[442],"class_list":["post-13376","partizan","type-partizan","status-publish","has-post-thumbnail","hentry","category-18-25-g-en","category-poginuli-1945-en","tag-poginuli-u-italiji-en","tag-skoro-bacevici-en","prezime-s-3-en","has-post-title","has-post-date","has-post-category","has-post-tag","has-post-comment","has-post-author",""],"ptb_metabox":{"ptb_partizan_izvori":"<p>Komnenovi\u0107, Danilo; Kreso, Muharem (1979): <a href=\"https:\/\/znaci.org\/00001\/39.pdf\">29. hercegova\u010dka divizija<\/a>, IZ, Beograd; grupa autora: Spomenica Mostara 1941-1945. Photo of the memorial plaque: S. Demirovi\u0107 (2018)<\/p>\r\n<p>&nbsp;<\/p>\r\n<p>&nbsp;<\/p>","ptb_partizan_datum_rodzenja":" (1925. Ba\u010devi\u0107i \u2013 1945. Trst)","ptb_partizan_godina":"20","ptb_partizan_galerija_1":{"url":["http:\/\/partizansko.info\/wp-content\/uploads\/2023\/05\/spomenik-Bacevici.jpg"],"link":[""],"title":["The monument in Ba\u0107evi\u0107i dedicated to fallen fighters and civilian victims at the hands of ustashe 1941-1945."],"description":[""]},"ptb_partizan_poruka_":"Do you have more information about this fighter? <a href=\"\/en\/kontakt\">Share<\/a> your stories and photographs. Let's keep the memory alive!","ptb_partizan_ploca":{"1":"http:\/\/partizansko.info\/wp-content\/uploads\/2023\/06\/Skoro-Savo-IMG_2790-rotated.jpg","2":"http:\/\/partizansko.info\/wp-content\/uploads\/2023\/06\/Skoro-Savo-IMG_2790-rotated.jpg"},"ptb_partizan_spisak_info":["partizan_spisak_info_1","partizan_spisak_info_2","partizan_spisak_info_3"]},"ptb_taxonomy":{"category":[{"term_id":314,"name":"18-25 y\/o","slug":"18-25-g-en","term_group":0,"term_taxonomy_id":314,"taxonomy":"category","description":"","parent":0,"count":415,"filter":"raw"},{"term_id":328,"name":"died in 1945","slug":"poginuli-1945-en","term_group":0,"term_taxonomy_id":328,"taxonomy":"category","description":"","parent":0,"count":197,"filter":"raw"}],"post_tag":[{"term_id":387,"name":"poginuli u Italiji","slug":"poginuli-u-italiji-en","term_group":0,"term_taxonomy_id":387,"taxonomy":"post_tag","description":"","parent":0,"count":3,"filter":"raw"},{"term_id":448,"name":"\u0160koro (Ba\u010devi\u0107i)","slug":"skoro-bacevici-en","term_group":0,"term_taxonomy_id":448,"taxonomy":"post_tag","description":"","parent":0,"count":6,"filter":"raw"}],"prezime":[{"term_id":442,"name":"\u0160","slug":"s-3-en","term_group":0,"term_taxonomy_id":442,"taxonomy":"prezime","description":"","parent":0,"count":50,"filter":"raw"}]},"ptb_featured_image":{"url":"http:\/\/partizansko.info\/wp-content\/uploads\/2023\/04\/no-picture.png","title":"no-picture","caption":""},"builder_content":"","_links":{"self":[{"href":"https:\/\/partizansko.info\/en\/wp-json\/wp\/v2\/partizan\/13376","targetHints":{"allow":["GET"]}}],"collection":[{"href":"https:\/\/partizansko.info\/en\/wp-json\/wp\/v2\/partizan"}],"about":[{"href":"https:\/\/partizansko.info\/en\/wp-json\/wp\/v2\/types\/partizan"}],"version-history":[{"count":1,"href":"https:\/\/partizansko.info\/en\/wp-json\/wp\/v2\/partizan\/13376\/revisions"}],"predecessor-version":[{"id":13436,"href":"https:\/\/partizansko.info\/en\/wp-json\/wp\/v2\/partizan\/13376\/revisions\/13436"}],"wp:featuredmedia":[{"embeddable":true,"href":"https:\/\/partizansko.info\/en\/wp-json\/wp\/v2\/media\/9313"}],"wp:attachment":[{"href":"https:\/\/partizansko.info\/en\/wp-json\/wp\/v2\/media?parent=13376"}],"wp:term":[{"taxonomy":"category","embeddable":true,"href":"https:\/\/partizansko.info\/en\/wp-json\/wp\/v2\/categories?post=13376"},{"taxonomy":"post_tag","embeddable":true,"href":"https:\/\/partizansko.info\/en\/wp-json\/wp\/v2\/tags?post=13376"},{"taxonomy":"prezime","embeddable":true,"href":"https:\/\/partizansko.info\/en\/wp-json\/wp\/v2\/prezime?post=13376"}],"curies":[{"name":"wp","href":"https:\/\/api.w.org\/{rel}","templated":true}]}}

Savo M. ŠKORO

<!-- wp:themify-builder/canvas /-->


<p>SAVO (MITRA) ŠKORO, born on February 18, 1922, in Bačevići near Mostar. Farmer. He joined the People&#8217;s Liberation Army and Partisan Detachments (NOV i POJ) in July 1944 in the 2nd Battalion of the 10th Hercegovina Brigade. Member of the Communist Party of Yugoslavia (KPJ) and a political delegate of the unit. He died in the final operations of the Yugoslav Army on May 5, 1945, in the village of Harije near Ilirska Bistrica*.</p>



<p>EXCERPT FROM LITERATURE:</p>



<p><em>&#8220;On May 5th, the Brigade was tasked with cutting off and destroying the enemy wedge that had advanced to the village of Harije, west of Bistrica. However, due to the negligence of the 2nd Battalion&#8217;s headquarters (…) during the night, the enemy inserted one battalion behind the front lines and attacked the unsecured brigade reserve (2nd Battalion) in the village of Brdce. The intervention of the small Reconnaissance Unit of the Brigade prevented a complete defeat and enabled the remaining Battalion to break through. No task during the Brigade&#8217;s existence was paid with more losses than this one. Fifty-four fighters and officers lost their lives in it. There were perhaps twice as many wounded.&#8221;</em></p>



<p>*According to the book &#8220;Spomenica Mostara 1941-1945.&#8221;</p>

<p>SAVO (MITRA) ŠKORO, born on February 18, 1922, in Bačevići near Mostar. Farmer. He joined the People&#8217;s Liberation Army and Partisan Detachments (NOV i POJ) in July 1944 in the 2nd Battalion of the 10th Hercegovina Brigade. Member of the Communist Party of Yugoslavia (KPJ) and a political delegate of the unit. He died in [&hellip;]</p>

<p>Komnenović, Danilo; Kreso, Muharem (1979): <a href="https://znaci.org/00001/39.pdf">29. hercegovačka divizija</a>, IZ, Beograd; grupa autora: Spomenica Mostara 1941-1945. Photo of the memorial plaque: S. Demirović (2018)</p>
<p>&nbsp;</p>
<p>&nbsp;</p>

(1925. Bačevići – 1945. Trst)

The monument in Baćevići dedicated to fallen fighters and civilian victims at the hands of ustashe 1941-1945.

Škoro (Bačevići)

Š
