{"id":13294,"date":"2023-05-12T11:19:32","date_gmt":"2023-05-12T10:19:32","guid":{"rendered":"https:\/\/partizansko.info\/partizan\/josip-i-sosa\/"},"modified":"2025-12-09T00:29:45","modified_gmt":"2025-12-09T00:29:45","slug":"josip-i-sosa","status":"publish","type":"partizan","link":"https:\/\/partizansko.info\/en\/partizan\/josip-i-sosa\/","title":{"rendered":"Josip I. SOSA\u00a0"},"content":{"rendered":"<!-- wp:themify-builder\/canvas \/-->\n\n\n<p>JOSIP (Ivan) SOSA (also known as Jozo, \u0110uranovi\u0107), born in Grude in 1912, lived in Mostar from 1933 onward. He worked as a baker in the bakery of Ante Ramljak in Mostar, where he became involved with the progressive workers\u2019 movement. At the beginning of the war, he left Mostar, going first to Gorica and then to Imotski, from where he joined the Dalmatian Partisans in 1942. According to some accounts, he told his wife upon departing: <em>\u201cIf I do not return home within two days, say that I have disappeared.\u201d<\/em><\/p>\n\n\n\n<p>He was captured in 1943 by the Usta\u0161e, while serving as a courier, together with another fighter from Gacko, in a barn in Vu\u010dipolje near Posu\u0161je. He was taken to the prison in Mostar, where he remained for three days, and then transferred to \u0160iroki Brijeg, where, according to some sources, he was executed.<\/p>\n\n\n\n<p>The Cultural Centre in Gorica once bore the name of Josip Sosa. On Fighters\u2019 Day in 1963, on July 4th, a memorial plaque bearing his name was ceremonially unveiled on the Cultural Centre in Gorica by the SUBNOR Grude and the Grude Municipal Assembly. In Grude, in 1985, a monument to the fallen fighters of the People\u2019s Liberation War and the victims of fascist terror was unveiled, and among the busts of the fighters was the bust of Josip Sosa.<\/p>\n","protected":false},"excerpt":{"rendered":"<p>JOSIP (Ivan) SOSA (also known as Jozo, \u0110uranovi\u0107), born in Grude in 1912, lived in Mostar from 1933 onward. He worked as a baker in the bakery of Ante Ramljak in Mostar, where he became involved with the progressive workers\u2019 movement. At the beginning of the war, he left Mostar, going first to Gorica and [&hellip;]<\/p>\n","protected":false},"featured_media":35723,"parent":0,"menu_order":0,"template":"","categories":[318,315,316],"tags":[356,330],"prezime":[439],"class_list":["post-13294","partizan","type-partizan","status-publish","has-post-thumbnail","hentry","category-26-35-g-en","category-poginuli-1943-en","category-poginuli-u-bih-en","tag-hrvati-en","tag-foto-en","prezime-s-en","has-post-title","has-post-date","has-post-category","has-post-tag","has-post-comment","has-post-author",""],"ptb_metabox":{"ptb_partizan_izvori":"<p>Seferovi\u0107, Mensur (1961): <a href=\"https:\/\/drive.google.com\/open?id=1ywAX1pHmdSjhggVDZcXR2VmAGGWMoGEs\">Prozivka na Tjenti\u0161tu<\/a>, \u201cVeselin Masle\u0161a\u201d, Sarajevo; spomenicinob.info, Vlado Bogut, Ljubo Leko (2014): \u201cGrudski \u017ertvoslov, Drugi svjetski rat i pora\u0107e\u201d<\/p>\r\n<p><em>Photo of the memorial plaque<\/em>: S. Demirovi\u0107 (2018). Photo of the fighter: Vlado Bogut, Ljubo Leko (2014): \u201cGrudski \u017ertvoslov, Drugi svjetski rat i pora\u0107e\u201d. <\/p>","ptb_partizan_datum_rodzenja":" (1912. Grude \u2013 1943. Li\u0161tica)","ptb_partizan_godina":"31","ptb_partizan_galerija_1":{"url":["http:\/\/partizansko.info\/wp-content\/uploads\/2023\/05\/Josip-Sosa-bista.jpg"],"link":[""],"title":["Josip Sosa, bust"],"description":[""]},"ptb_partizan_poruka_":"Do you have more information about this fighter? <a href=\"\/en\/kontakt\">Share<\/a> your stories and photographs. Let's keep the memory alive!","ptb_partizan_ploca":{"1":"http:\/\/partizansko.info\/wp-content\/uploads\/2023\/05\/Sosa-Josip-IMG_2916-rotated.jpg","2":"http:\/\/partizansko.info\/wp-content\/uploads\/2023\/05\/Sosa-Josip-IMG_2916-rotated.jpg"},"ptb_partizan_spisak_info":["partizan_spisak_info_1","partizan_spisak_info_3"]},"ptb_taxonomy":{"category":[{"term_id":318,"name":"26-35 y\/o","slug":"26-35-g-en","term_group":0,"term_taxonomy_id":318,"taxonomy":"category","description":"","parent":0,"count":160,"filter":"raw"},{"term_id":315,"name":"died in 1943","slug":"poginuli-1943-en","term_group":0,"term_taxonomy_id":315,"taxonomy":"category","description":"","parent":0,"count":183,"filter":"raw"},{"term_id":316,"name":"died in BiH","slug":"poginuli-u-bih-en","term_group":0,"term_taxonomy_id":316,"taxonomy":"category","description":"","parent":0,"count":518,"filter":"raw"}],"post_tag":[{"term_id":356,"name":"Fallen Croatians from Mostar in the resistance movement","slug":"hrvati-en","term_group":0,"term_taxonomy_id":356,"taxonomy":"post_tag","description":"Numerous Croats from Mostar were members of the resistance movement as fighters, activists, and sympathizers. Among them are three national heroes.","parent":0,"count":48,"filter":"raw"},{"term_id":330,"name":"foto","slug":"foto-en","term_group":0,"term_taxonomy_id":330,"taxonomy":"post_tag","description":"","parent":0,"count":290,"filter":"raw"}],"prezime":[{"term_id":439,"name":"S","slug":"s-en","term_group":0,"term_taxonomy_id":439,"taxonomy":"prezime","description":"","parent":0,"count":39,"filter":"raw"}]},"ptb_featured_image":{"url":"http:\/\/partizansko.info\/wp-content\/uploads\/2023\/05\/Josip-Sosa-2.jpg","title":"Josip Sosa 2","caption":""},"builder_content":"","_links":{"self":[{"href":"https:\/\/partizansko.info\/en\/wp-json\/wp\/v2\/partizan\/13294","targetHints":{"allow":["GET"]}}],"collection":[{"href":"https:\/\/partizansko.info\/en\/wp-json\/wp\/v2\/partizan"}],"about":[{"href":"https:\/\/partizansko.info\/en\/wp-json\/wp\/v2\/types\/partizan"}],"version-history":[{"count":9,"href":"https:\/\/partizansko.info\/en\/wp-json\/wp\/v2\/partizan\/13294\/revisions"}],"predecessor-version":[{"id":35731,"href":"https:\/\/partizansko.info\/en\/wp-json\/wp\/v2\/partizan\/13294\/revisions\/35731"}],"wp:featuredmedia":[{"embeddable":true,"href":"https:\/\/partizansko.info\/en\/wp-json\/wp\/v2\/media\/35723"}],"wp:attachment":[{"href":"https:\/\/partizansko.info\/en\/wp-json\/wp\/v2\/media?parent=13294"}],"wp:term":[{"taxonomy":"category","embeddable":true,"href":"https:\/\/partizansko.info\/en\/wp-json\/wp\/v2\/categories?post=13294"},{"taxonomy":"post_tag","embeddable":true,"href":"https:\/\/partizansko.info\/en\/wp-json\/wp\/v2\/tags?post=13294"},{"taxonomy":"prezime","embeddable":true,"href":"https:\/\/partizansko.info\/en\/wp-json\/wp\/v2\/prezime?post=13294"}],"curies":[{"name":"wp","href":"https:\/\/api.w.org\/{rel}","templated":true}]}}

<!-- wp:themify-builder/canvas /-->


<p>JOSIP (Ivan) SOSA (also known as Jozo, Đuranović), born in Grude in 1912, lived in Mostar from 1933 onward. He worked as a baker in the bakery of Ante Ramljak in Mostar, where he became involved with the progressive workers’ movement. At the beginning of the war, he left Mostar, going first to Gorica and then to Imotski, from where he joined the Dalmatian Partisans in 1942. According to some accounts, he told his wife upon departing: <em>“If I do not return home within two days, say that I have disappeared.”</em></p>



<p>He was captured in 1943 by the Ustaše, while serving as a courier, together with another fighter from Gacko, in a barn in Vučipolje near Posušje. He was taken to the prison in Mostar, where he remained for three days, and then transferred to Široki Brijeg, where, according to some sources, he was executed.</p>



<p>The Cultural Centre in Gorica once bore the name of Josip Sosa. On Fighters’ Day in 1963, on July 4th, a memorial plaque bearing his name was ceremonially unveiled on the Cultural Centre in Gorica by the SUBNOR Grude and the Grude Municipal Assembly. In Grude, in 1985, a monument to the fallen fighters of the People’s Liberation War and the victims of fascist terror was unveiled, and among the busts of the fighters was the bust of Josip Sosa.</p>

<p>JOSIP (Ivan) SOSA (also known as Jozo, Đuranović), born in Grude in 1912, lived in Mostar from 1933 onward. He worked as a baker in the bakery of Ante Ramljak in Mostar, where he became involved with the progressive workers’ movement. At the beginning of the war, he left Mostar, going first to Gorica and [&hellip;]</p>

<p>Seferović, Mensur (1961): <a href="https://drive.google.com/open?id=1ywAX1pHmdSjhggVDZcXR2VmAGGWMoGEs">Prozivka na Tjentištu</a>, “Veselin Masleša”, Sarajevo; spomenicinob.info, Vlado Bogut, Ljubo Leko (2014): “Grudski žrtvoslov, Drugi svjetski rat i poraće”</p>
<p><em>Photo of the memorial plaque</em>: S. Demirović (2018). Photo of the fighter: Vlado Bogut, Ljubo Leko (2014): “Grudski žrtvoslov, Drugi svjetski rat i poraće”. </p>

(1912. Grude – 1943. Lištica)
