{"id":12959,"date":"2023-05-14T01:31:35","date_gmt":"2023-05-14T00:31:35","guid":{"rendered":"https:\/\/partizansko.info\/partizan\/risto-v-milicevic\/"},"modified":"2024-09-27T16:26:54","modified_gmt":"2024-09-27T15:26:54","slug":"risto-v-milicevic","status":"publish","type":"partizan","link":"https:\/\/partizansko.info\/en\/partizan\/risto-v-milicevic\/","title":{"rendered":"Risto V. MILI\u0106EVI\u0106\u00a0"},"content":{"rendered":"<!-- wp:themify-builder\/canvas \/-->\n\n\n<p>RISTO MILI\u0106EVI\u0106 \u0106I\u0106O, son of VOJIN, born on April 9, 1921, in Mostar. Completed Gymnasium, a football player for &#8220;Vele\u017e.&#8221; Member of SKOJ since 1938 and KPJ since 1940. One of the &#8220;senior&#8221; comrades who held weekly lectures for SKOJ members on current topics. He was part of a group of Mostar youth volunteers during the April War but was sent back after five days due to the capitulation. In the summer of 1941, during political work in Eastern Herzegovina, he was arrested by the Usta\u0161e near Stolac but managed to escape execution. He went out of Mostar again in March 1942 to Eastern Herzegovina in the 1st Herzegovina Shock Battalion. A fighter and youth leader. He was killed during the Chetnik coup in May 1942 in Zvjerina. He was captured during an attack on a partisan hospital, tortured, and killed. He was killed on the night of May 29\/30, 1942, and thrown into the Vido\u0161ka Pit near the village of Mor\u010de.<\/p>\n\n\n\n<p>EXCERPTS FROM LITERATURE:<\/p>\n\n\n\n<p><em>On the April War: &#8220;In the last truck, I see Fadil in a white coat, his comrades Ibrica Alikalfi\u0107, \u010ci\u0107o Mili\u0107evi\u0107, Haldun Hrvi\u0107, Sulo Mehmedba\u0161i\u0107, Ante Zelenika, almost the entire lineup of &#8216;Vele\u017e&#8217; first team. I hear the song-oath of Mostar&#8217;s youth to the beloved city: &#8216;\u2026We won&#8217;t let our land be trampled by the fascists\u2026 We would rather die than give away our land!&#8217; Unfortunately, they returned from the battlefront in Montenegro after five days. (\u2026) The front collapsed under the attacks of German and Italian armies.&#8221;<\/em><\/p>\n\n\n\n<p>About the death: <em>&#8220;The hospital in Zvijerina was organizationally independent and complete with its own economy, with 4-5 nurses and everything necessary for its functioning in those conditions&#8230; Unfortunately, our relatively well-organized hospital did not have a long life&#8230; After a few days, the Chetniks attacked our hospital. There were battles around the hospital throughout the day. It was the target of the attack, and in the evening, we were surrounded and captured. Among the other wounded, Milija Stani\u0161i\u0107 was captured in the hospital. I quickly removed the insignia of the political commissar of the unit from his sleeve, so the Chetniks passed by him as if he were an ordinary fighter, and that&#8217;s how he escaped certain death. At the same time, Rade Pravica, Jovo Ljubibrati\u0107, Risto-\u0106i\u0107o Mili\u0107evi\u0107, the youth leader from Mostar, and Du\u0161an Grk, who managed to escape from prison that same evening, were also captured. We sent two young nurses to distract the guard, which Du\u0161an took advantage of and escaped. The Chetniks brutally tortured the youth leader \u0106i\u0107o. It was horrifying to hear his cries&#8230; On the night of May 29\/30, 1942, they were taken and thrown into the Vido\u0161ka Pit: Risto-\u0106i\u0107o Mili\u0107evi\u0107, <a class=\"wpil_keyword_link\" title=\"Husref \u0106i\u0161i\u0107\" data-wpil-keyword-link=\"linked\" href=\"https:\/\/partizansko.info\/en\/partizan\/husref-h-cisic\/\">Husref \u0106i\u0161i\u0107<\/a> and Husref Krpo from Mostar, Aka Selimovi\u0107 and Sejfudin Selimovi\u0107 from Bile\u0107a, and Hasiba Ramovi\u0107 and Aka Kazazi\u0107 from Nevesinje.&#8221;<\/em><\/p>\n\n\n\n<p>Risto&#8217;s name was recorded on a <a href=\"http:\/\/www.most.ba\/091\/015.aspx\" target=\"_blank\" rel=\"noopener\">memorial plaque<\/a> in Mostar Gymnasium after the war. The plaque disappeared without a trace during the events of the war in 1992-1995.<\/p>\n","protected":false},"excerpt":{"rendered":"<p>RISTO MILI\u0106EVI\u0106 \u0106I\u0106O, son of VOJIN, born on April 9, 1921, in Mostar. Completed Gymnasium, a football player for &#8220;Vele\u017e.&#8221; Member of SKOJ since 1938 and KPJ since 1940. One of the &#8220;senior&#8221; comrades who held weekly lectures for SKOJ members on current topics. He was part of a group of Mostar youth volunteers during [&hellip;]<\/p>\n","protected":false},"featured_media":29636,"parent":0,"menu_order":0,"template":"","categories":[314,331,316,306],"tags":[330,341],"prezime":[425],"class_list":["post-12959","partizan","type-partizan","status-publish","has-post-thumbnail","hentry","category-18-25-g-en","category-poginuli-1942-en","category-poginuli-u-bih-en","category-velez-en","tag-foto-en","tag-gimnazija-u-mostaru-en","prezime-m-en","has-post-title","has-post-date","has-post-category","has-post-tag","has-post-comment","has-post-author",""],"ptb_metabox":{"ptb_partizan_izvori":"<p><a href=\"https:\/\/poskok.info\/mostarke-u-doba-okupacije-sloboda-nije-stigla-iz-bajke\/\">https:\/\/poskok.info\/mostarke-u-doba-okupacije-sloboda-nije-stigla-iz-bajke\/<\/a>; <a href=\"http:\/\/www.most.ba\/091\/015.aspx\">http:\/\/www.most.ba\/091\/015.aspx<\/a>; <a href=\"http:\/\/rsdvelezmostar.blogspot.com\/p\/fk-velez.html\">http:\/\/rsdvelezmostar.blogspot.com\/p\/fk-velez.html<\/a> ; Seferovi\u0107, Mensur (1957): \u201e<a href=\"https:\/\/drive.google.com\/file\/d\/1-bQXICf9f65A7Z4_EwttCnZXYq_QxgQ_\/view?usp=sharing\">Tajna partijske \u0107elije<\/a>\u201c, Sarajevo; grupa autora (1961): <a href=\"https:\/\/znaci.org\/00003\/462.pdf\">Hercegovina u NOB 1. dio<\/a>, Beograd, Vojno delo; D\u017eemil \u0160arac, \u010dlanak \u201eSa Mostarcima\u201c, Hercegovina br 9, str 221; grupa autora: Spomenica Mostara 1941-1945; Buturovi\u0107, Ferid (2016): Ku\u0107a mostarskog kadije, sje\u0107anja skojevca - ilegalca i partizana, Sarajevo.<\/p>\r\n<p><em>Photo of the memorial plaque<\/em>: S. Demirovi\u0107.<\/p>","ptb_partizan_datum_rodzenja":"(1921. Mostar \u2013 1942. Zvijerina)","ptb_partizan_godina":"21","ptb_partizan_galerija_1":{"url":["http:\/\/partizansko.info\/wp-content\/uploads\/2023\/05\/Voz-1938.jpg","http:\/\/partizansko.info\/wp-content\/uploads\/2023\/05\/kampovanje.jpg","http:\/\/partizansko.info\/wp-content\/uploads\/2023\/05\/razred-7b-1939-1940.jpg","http:\/\/partizansko.info\/wp-content\/uploads\/2023\/05\/razred-8b-1940-1941.jpg","http:\/\/partizansko.info\/wp-content\/uploads\/2023\/05\/gimnazija-19.jpg"],"link":["","","","",""],"title":["Young scouts on a trip 1938. Archives of K.D. Mileti\u0107","on a camping trip before the war. Archives of K.D. Mileti\u0107","Class 7b 1939-1940. Source: \"Gimnazija u Mostaru\", K.D. Mileti\u0107","Class 8b 1940-1941. Source: \"Gimnazija u Mostaru\", K.D. Mileti\u0107","Memorial plaque to the fallen students and professors of the Mostar's Gymnasium. It went missing during the 1992-1995 war."],"description":["","","","",""]},"ptb_partizan_poruka_":"Do you have more information about this fighter? <a href=\"\/en\/kontakt\">Share<\/a> your stories and photographs. Let's keep the memory alive!","ptb_partizan_ploca":{"1":"http:\/\/partizansko.info\/wp-content\/uploads\/2023\/06\/Milicevic-Risto-IMG_3003-rotated.jpg","2":"http:\/\/partizansko.info\/wp-content\/uploads\/2023\/06\/Milicevic-Risto-IMG_3003-rotated.jpg"},"ptb_partizan_spisak_info":["partizan_spisak_info_1","partizan_spisak_info_2","partizan_spisak_info_3"]},"ptb_taxonomy":{"category":[{"term_id":314,"name":"18-25 y\/o","slug":"18-25-g-en","term_group":0,"term_taxonomy_id":314,"taxonomy":"category","description":"","parent":0,"count":415,"filter":"raw"},{"term_id":331,"name":"died in 1942","slug":"poginuli-1942-en","term_group":0,"term_taxonomy_id":331,"taxonomy":"category","description":"","parent":0,"count":100,"filter":"raw"},{"term_id":316,"name":"died in BiH","slug":"poginuli-u-bih-en","term_group":0,"term_taxonomy_id":316,"taxonomy":"category","description":"","parent":0,"count":518,"filter":"raw"},{"term_id":306,"name":"FC \u201cVele\u017e\u201d","slug":"velez-en","term_group":0,"term_taxonomy_id":306,"taxonomy":"category","description":"[gallery link=\"file\" size=\"medium\" columns=\"5\" ids=\"4320,4325,4328,4327,3733\"]\n\nNumerous players and supporters of FC \"Vele\u017e\" actively engaged in the fight against fascism from day one. Seventy-seven of them perished in the war, and among them, eight of nine football players - national heroes.","parent":0,"count":67,"filter":"raw"}],"post_tag":[{"term_id":330,"name":"foto","slug":"foto-en","term_group":0,"term_taxonomy_id":330,"taxonomy":"post_tag","description":"","parent":0,"count":290,"filter":"raw"},{"term_id":341,"name":"Mostar's High school and its many fallen","slug":"gimnazija-u-mostaru-en","term_group":0,"term_taxonomy_id":341,"taxonomy":"post_tag","description":"Three professors and nearly 50 students of the most famous high school\u00a0 in Mostar (located in the orange building on one of the main squares) gave their lives in the People's Liberation War (NOB). Read about them here.","parent":0,"count":54,"filter":"raw"}],"prezime":[{"term_id":425,"name":"M","slug":"m-en","term_group":0,"term_taxonomy_id":425,"taxonomy":"prezime","description":"","parent":0,"count":70,"filter":"raw"}]},"ptb_featured_image":{"url":"http:\/\/partizansko.info\/wp-content\/uploads\/2023\/05\/Risto-Milicevic-Cico.jpg","title":"Risto Mili\u0107evi\u0107 \u0106i\u0107o","caption":""},"builder_content":"","_links":{"self":[{"href":"https:\/\/partizansko.info\/en\/wp-json\/wp\/v2\/partizan\/12959","targetHints":{"allow":["GET"]}}],"collection":[{"href":"https:\/\/partizansko.info\/en\/wp-json\/wp\/v2\/partizan"}],"about":[{"href":"https:\/\/partizansko.info\/en\/wp-json\/wp\/v2\/types\/partizan"}],"version-history":[{"count":3,"href":"https:\/\/partizansko.info\/en\/wp-json\/wp\/v2\/partizan\/12959\/revisions"}],"predecessor-version":[{"id":15195,"href":"https:\/\/partizansko.info\/en\/wp-json\/wp\/v2\/partizan\/12959\/revisions\/15195"}],"wp:featuredmedia":[{"embeddable":true,"href":"https:\/\/partizansko.info\/en\/wp-json\/wp\/v2\/media\/29636"}],"wp:attachment":[{"href":"https:\/\/partizansko.info\/en\/wp-json\/wp\/v2\/media?parent=12959"}],"wp:term":[{"taxonomy":"category","embeddable":true,"href":"https:\/\/partizansko.info\/en\/wp-json\/wp\/v2\/categories?post=12959"},{"taxonomy":"post_tag","embeddable":true,"href":"https:\/\/partizansko.info\/en\/wp-json\/wp\/v2\/tags?post=12959"},{"taxonomy":"prezime","embeddable":true,"href":"https:\/\/partizansko.info\/en\/wp-json\/wp\/v2\/prezime?post=12959"}],"curies":[{"name":"wp","href":"https:\/\/api.w.org\/{rel}","templated":true}]}}

Risto V. MILIĆEVIĆ

<!-- wp:themify-builder/canvas /-->


<p>RISTO MILIĆEVIĆ ĆIĆO, son of VOJIN, born on April 9, 1921, in Mostar. Completed Gymnasium, a football player for &#8220;Velež.&#8221; Member of SKOJ since 1938 and KPJ since 1940. One of the &#8220;senior&#8221; comrades who held weekly lectures for SKOJ members on current topics. He was part of a group of Mostar youth volunteers during the April War but was sent back after five days due to the capitulation. In the summer of 1941, during political work in Eastern Herzegovina, he was arrested by the Ustaše near Stolac but managed to escape execution. He went out of Mostar again in March 1942 to Eastern Herzegovina in the 1st Herzegovina Shock Battalion. A fighter and youth leader. He was killed during the Chetnik coup in May 1942 in Zvjerina. He was captured during an attack on a partisan hospital, tortured, and killed. He was killed on the night of May 29/30, 1942, and thrown into the Vidoška Pit near the village of Morče.</p>



<p>EXCERPTS FROM LITERATURE:</p>



<p><em>On the April War: &#8220;In the last truck, I see Fadil in a white coat, his comrades Ibrica Alikalfić, Čićo Milićević, Haldun Hrvić, Sulo Mehmedbašić, Ante Zelenika, almost the entire lineup of &#8216;Velež&#8217; first team. I hear the song-oath of Mostar&#8217;s youth to the beloved city: &#8216;…We won&#8217;t let our land be trampled by the fascists… We would rather die than give away our land!&#8217; Unfortunately, they returned from the battlefront in Montenegro after five days. (…) The front collapsed under the attacks of German and Italian armies.&#8221;</em></p>



<p>About the death: <em>&#8220;The hospital in Zvijerina was organizationally independent and complete with its own economy, with 4-5 nurses and everything necessary for its functioning in those conditions&#8230; Unfortunately, our relatively well-organized hospital did not have a long life&#8230; After a few days, the Chetniks attacked our hospital. There were battles around the hospital throughout the day. It was the target of the attack, and in the evening, we were surrounded and captured. Among the other wounded, Milija Stanišić was captured in the hospital. I quickly removed the insignia of the political commissar of the unit from his sleeve, so the Chetniks passed by him as if he were an ordinary fighter, and that&#8217;s how he escaped certain death. At the same time, Rade Pravica, Jovo Ljubibratić, Risto-Ćićo Milićević, the youth leader from Mostar, and Dušan Grk, who managed to escape from prison that same evening, were also captured. We sent two young nurses to distract the guard, which Dušan took advantage of and escaped. The Chetniks brutally tortured the youth leader Ćićo. It was horrifying to hear his cries&#8230; On the night of May 29/30, 1942, they were taken and thrown into the Vidoška Pit: Risto-Ćićo Milićević, <a class="wpil_keyword_link" title="Husref Ćišić" data-wpil-keyword-link="linked" href="https://partizansko.info/en/partizan/husref-h-cisic/">Husref Ćišić</a> and Husref Krpo from Mostar, Aka Selimović and Sejfudin Selimović from Bileća, and Hasiba Ramović and Aka Kazazić from Nevesinje.&#8221;</em></p>



<p>Risto&#8217;s name was recorded on a <a href="http://www.most.ba/091/015.aspx" target="_blank" rel="noopener">memorial plaque</a> in Mostar Gymnasium after the war. The plaque disappeared without a trace during the events of the war in 1992-1995.</p>

<p>RISTO MILIĆEVIĆ ĆIĆO, son of VOJIN, born on April 9, 1921, in Mostar. Completed Gymnasium, a football player for &#8220;Velež.&#8221; Member of SKOJ since 1938 and KPJ since 1940. One of the &#8220;senior&#8221; comrades who held weekly lectures for SKOJ members on current topics. He was part of a group of Mostar youth volunteers during [&hellip;]</p>

<p><a href="https://poskok.info/mostarke-u-doba-okupacije-sloboda-nije-stigla-iz-bajke/">https://poskok.info/mostarke-u-doba-okupacije-sloboda-nije-stigla-iz-bajke/</a>; <a href="http://www.most.ba/091/015.aspx">http://www.most.ba/091/015.aspx</a>; <a href="http://rsdvelezmostar.blogspot.com/p/fk-velez.html">http://rsdvelezmostar.blogspot.com/p/fk-velez.html</a> ; Seferović, Mensur (1957): „<a href="https://drive.google.com/file/d/1-bQXICf9f65A7Z4_EwttCnZXYq_QxgQ_/view?usp=sharing">Tajna partijske ćelije</a>“, Sarajevo; grupa autora (1961): <a href="https://znaci.org/00003/462.pdf">Hercegovina u NOB 1. dio</a>, Beograd, Vojno delo; Džemil Šarac, članak „Sa Mostarcima“, Hercegovina br 9, str 221; grupa autora: Spomenica Mostara 1941-1945; Buturović, Ferid (2016): Kuća mostarskog kadije, sjećanja skojevca - ilegalca i partizana, Sarajevo.</p>
<p><em>Photo of the memorial plaque</em>: S. Demirović.</p>

Young scouts on a trip 1938. Archives of K.D. Miletić

on a camping trip before the war. Archives of K.D. Miletić

Class 7b 1939-1940. Source: "Gimnazija u Mostaru", K.D. Miletić

Class 8b 1940-1941. Source: "Gimnazija u Mostaru", K.D. Miletić

FC “Velež”

[gallery link="file" size="medium" columns="5" ids="4320,4325,4328,4327,3733"]

Numerous players and supporters of FC "Velež" actively engaged in the fight against fascism from day one. Seventy-seven of them perished in the war, and among them, eight of nine football players - national heroes.

Risto Milićević Ćićo
