{"id":12926,"date":"2023-05-14T03:17:54","date_gmt":"2023-05-14T02:17:54","guid":{"rendered":"https:\/\/partizansko.info\/partizan\/remzija-o-maslo\/"},"modified":"2023-09-10T01:24:52","modified_gmt":"2023-09-10T00:24:52","slug":"remzija-o-maslo","status":"publish","type":"partizan","link":"https:\/\/partizansko.info\/en\/partizan\/remzija-o-maslo\/","title":{"rendered":"Remzija O. MASLO\u00a0"},"content":{"rendered":"<!-- wp:themify-builder\/canvas \/-->\n\n\n<p>E\u0160REF REMZIJA MASLO, son of OSMAN, born on July 2, 1922, in Mostar. Student at the Trade Academy. Member of the Communist Youth League (SKOJ) since 1943, secretary of the SKOJ branch at the Trade Academy. Joined the People&#8217;s Liberation Army and Partisan Detachments of Yugoslavia on February 14, 1945, in the 1st Tank Brigade. Fighter, killed in action near Biha\u0107 in March 1945.<\/p>\n\n\n\n<p><\/p>\n","protected":false},"excerpt":{"rendered":"<p>E\u0160REF REMZIJA MASLO, son of OSMAN, born on July 2, 1922, in Mostar. Student at the Trade Academy. Member of the Communist Youth League (SKOJ) since 1943, secretary of the SKOJ branch at the Trade Academy. Joined the People&#8217;s Liberation Army and Partisan Detachments of Yugoslavia on February 14, 1945, in the 1st Tank Brigade. [&hellip;]<\/p>\n","protected":false},"featured_media":10117,"parent":0,"menu_order":0,"template":"","categories":[314,328,316],"tags":[330,334],"prezime":[425],"class_list":["post-12926","partizan","type-partizan","status-publish","has-post-thumbnail","hentry","category-18-25-g-en","category-poginuli-1945-en","category-poginuli-u-bih-en","tag-foto-en","tag-mladi-regruti-en","prezime-m-en","has-post-title","has-post-date","has-post-category","has-post-tag","has-post-comment","has-post-author",""],"ptb_metabox":{"ptb_partizan_izvori":"<p>grupa autora: Spomenica Mostara 1941-1945.<\/p>\r\n<p><em>Photo of the memorial plaque<\/em>: S. Demirovi\u0107; <a href=\"https:\/\/www.facebook.com\/photo\/?fbid=3377774142536838&amp;set=g.536860812993418\">https:\/\/www.facebook.com\/photo\/?fbid=3377774142536838&amp;set=g.536860812993418<\/a>\u00a0<\/p>","ptb_partizan_datum_rodzenja":"(1922. Mostar \u2013 1945. Biha\u0107)","ptb_partizan_godina":"23","ptb_partizan_galerija_1":{"url":["http:\/\/partizansko.info\/wp-content\/uploads\/2023\/05\/Esref-Ramiz-Maslo-i-Marija-Stajner-Mostar-1942-udato-poljarevic-umrla-1990-cb.jpg","http:\/\/partizansko.info\/wp-content\/uploads\/2023\/05\/Esref-Ramiz-Maslo-i-Marija-Stajner-Mostar-1942-udato-poljarevic-umrla-1990.jpg"],"link":["",""],"title":[" photographed in 1942, Mostar: E\u0161ref Ramiz Maslo and Marija \u0160tejner married Poljarevi\u0107 (died 1990)"," photographed in 1942, Mostar: E\u0161ref Ramiz Maslo and Marija \u0160tejner married Poljarevi\u0107 (died 1990). Colour by Aid \u010cizmi\u0107."],"description":["",""]},"ptb_partizan_poruka_":"Do you have more information about this fighter? <a href=\"\/en\/kontakt\">Share<\/a> your stories and photographs. Let's keep the memory alive!","ptb_partizan_ploca":{"1":"http:\/\/partizansko.info\/wp-content\/uploads\/2023\/06\/Maslo-Remzija-IMG_3001-rotated.jpg","2":"http:\/\/partizansko.info\/wp-content\/uploads\/2023\/06\/Maslo-Remzija-IMG_3001-rotated.jpg"},"ptb_partizan_spisak_info":["partizan_spisak_info_1","partizan_spisak_info_2","partizan_spisak_info_3"]},"ptb_taxonomy":{"category":[{"term_id":314,"name":"18-25 y\/o","slug":"18-25-g-en","term_group":0,"term_taxonomy_id":314,"taxonomy":"category","description":"","parent":0,"count":415,"filter":"raw"},{"term_id":328,"name":"died in 1945","slug":"poginuli-1945-en","term_group":0,"term_taxonomy_id":328,"taxonomy":"category","description":"","parent":0,"count":197,"filter":"raw"},{"term_id":316,"name":"died in BiH","slug":"poginuli-u-bih-en","term_group":0,"term_taxonomy_id":316,"taxonomy":"category","description":"","parent":0,"count":518,"filter":"raw"}],"post_tag":[{"term_id":330,"name":"foto","slug":"foto-en","term_group":0,"term_taxonomy_id":330,"taxonomy":"post_tag","description":"","parent":0,"count":290,"filter":"raw"},{"term_id":334,"name":"Young conscripts of 1945","slug":"mladi-regruti-en","term_group":0,"term_taxonomy_id":334,"taxonomy":"post_tag","description":"Many young men, and sometimes young women, were recruited into the ranks of the Yugoslav Army in 1945, especially in February after the liberation of Mostar. Over 50 of them lost their lives during the final operations on various battlefields from Ivan-Sedlo to Slovenia. Many of them had only been in military service for a few months before they perished.","parent":0,"count":69,"filter":"raw"}],"prezime":[{"term_id":425,"name":"M","slug":"m-en","term_group":0,"term_taxonomy_id":425,"taxonomy":"prezime","description":"","parent":0,"count":70,"filter":"raw"}]},"ptb_featured_image":{"url":"http:\/\/partizansko.info\/wp-content\/uploads\/2023\/05\/Maslo.jpg","title":"Maslo","caption":""},"builder_content":"","_links":{"self":[{"href":"https:\/\/partizansko.info\/en\/wp-json\/wp\/v2\/partizan\/12926","targetHints":{"allow":["GET"]}}],"collection":[{"href":"https:\/\/partizansko.info\/en\/wp-json\/wp\/v2\/partizan"}],"about":[{"href":"https:\/\/partizansko.info\/en\/wp-json\/wp\/v2\/types\/partizan"}],"version-history":[{"count":2,"href":"https:\/\/partizansko.info\/en\/wp-json\/wp\/v2\/partizan\/12926\/revisions"}],"predecessor-version":[{"id":15147,"href":"https:\/\/partizansko.info\/en\/wp-json\/wp\/v2\/partizan\/12926\/revisions\/15147"}],"wp:featuredmedia":[{"embeddable":true,"href":"https:\/\/partizansko.info\/en\/wp-json\/wp\/v2\/media\/10117"}],"wp:attachment":[{"href":"https:\/\/partizansko.info\/en\/wp-json\/wp\/v2\/media?parent=12926"}],"wp:term":[{"taxonomy":"category","embeddable":true,"href":"https:\/\/partizansko.info\/en\/wp-json\/wp\/v2\/categories?post=12926"},{"taxonomy":"post_tag","embeddable":true,"href":"https:\/\/partizansko.info\/en\/wp-json\/wp\/v2\/tags?post=12926"},{"taxonomy":"prezime","embeddable":true,"href":"https:\/\/partizansko.info\/en\/wp-json\/wp\/v2\/prezime?post=12926"}],"curies":[{"name":"wp","href":"https:\/\/api.w.org\/{rel}","templated":true}]}}

<!-- wp:themify-builder/canvas /-->


<p>EŠREF REMZIJA MASLO, son of OSMAN, born on July 2, 1922, in Mostar. Student at the Trade Academy. Member of the Communist Youth League (SKOJ) since 1943, secretary of the SKOJ branch at the Trade Academy. Joined the People&#8217;s Liberation Army and Partisan Detachments of Yugoslavia on February 14, 1945, in the 1st Tank Brigade. Fighter, killed in action near Bihać in March 1945.</p>



<p></p>

<p>EŠREF REMZIJA MASLO, son of OSMAN, born on July 2, 1922, in Mostar. Student at the Trade Academy. Member of the Communist Youth League (SKOJ) since 1943, secretary of the SKOJ branch at the Trade Academy. Joined the People&#8217;s Liberation Army and Partisan Detachments of Yugoslavia on February 14, 1945, in the 1st Tank Brigade. [&hellip;]</p>

<p>grupa autora: Spomenica Mostara 1941-1945.</p>
<p><em>Photo of the memorial plaque</em>: S. Demirović; <a href="https://www.facebook.com/photo/?fbid=3377774142536838&amp;set=g.536860812993418">https://www.facebook.com/photo/?fbid=3377774142536838&amp;set=g.536860812993418</a> </p>

(1922. Mostar – 1945. Bihać)

photographed in 1942, Mostar: Ešref Ramiz Maslo and Marija Štejner married Poljarević (died 1990)

photographed in 1942, Mostar: Ešref Ramiz Maslo and Marija Štejner married Poljarević (died 1990). Colour by Aid Čizmić.
