{"id":12776,"date":"2023-05-14T17:15:16","date_gmt":"2023-05-14T16:15:16","guid":{"rendered":"https:\/\/partizansko.info\/partizan\/ejub-s-krpo\/"},"modified":"2024-12-11T05:14:13","modified_gmt":"2024-12-11T05:14:13","slug":"ejub-s-krpo","status":"publish","type":"partizan","link":"https:\/\/partizansko.info\/en\/partizan\/ejub-s-krpo\/","title":{"rendered":"Ejub S. KRPO\u00a0"},"content":{"rendered":"<!-- wp:themify-builder\/canvas \/-->\n\n\n<p>EJUB KRPO, son of SULEJMAN, born on May 10, 1922, in Mostar, a student at the Teacher Training School, a member of SKOJ (League of Communist Youth of Yugoslavia) since 1941. He participated in numerous actions of the school and neighborhood SKOJ organization. Arrested by the Italians in August 1942. Joined the National Liberation Army and Partisans&#8217; Detachments of Yugoslavia in October 1943, and from May 1944, worked as a political worker in the Prozor area. According to an article, he was described as a &#8220;dedicated field worker.&#8221; A fighter, captured by the Usta\u0161e (Croatian fascist regime) on November 19, 1944, in D\u017eani\u0107i near Konjic, and killed. He was buried in a mass grave at the partisan cemetery in D\u017eani\u0107i. In 1952, a monument with a memorial plaque to the fallen fighters was erected at that location.<\/p>\n\n\n\n<p>A street in Mostar is named after the Krpo brothers.<\/p>\n\n\n\n<p><\/p>\n\n\n\n<p>Excerpt:<\/p>\n\n\n\n<p><em>Regarding Ejub&#8217;s death, Mensur Seferovi\u0107 wrote that he &#8220;as a field party worker in the semi-liberated territory, offered such strong resistance to a German sabotage group that attacked a small group of partisans, that later, while wounded, they nailed him to the door of a village house.&#8221; Ejub was remembered in Mostar as a &#8220;strong young man and a swimmer from the Neretva River.&#8221;<\/em><\/p>\n","protected":false},"excerpt":{"rendered":"<p>EJUB KRPO, son of SULEJMAN, born on May 10, 1922, in Mostar, a student at the Teacher Training School, a member of SKOJ (League of Communist Youth of Yugoslavia) since 1941. He participated in numerous actions of the school and neighborhood SKOJ organization. Arrested by the Italians in August 1942. Joined the National Liberation Army [&hellip;]<\/p>\n","protected":false},"featured_media":28112,"parent":0,"menu_order":0,"template":"","categories":[314,336,316],"tags":[317,330,421],"prezime":[417],"class_list":["post-12776","partizan","type-partizan","status-publish","has-post-thumbnail","hentry","category-18-25-g-en","category-poginuli-1944-en","category-poginuli-u-bih-en","tag-bataljon-en","tag-foto-en","tag-krpo-en","prezime-k-en","has-post-title","has-post-date","has-post-category","has-post-tag","has-post-comment","has-post-author",""],"ptb_metabox":{"ptb_partizan_izvori":"<p>\u0106emalovi\u0107, Enver (1986): <a href=\"http:\/\/www.cidom.org\/wp-content\/uploads\/2017\/11\/Enver-%C4%86emalovi%C4%87-Mostarski-bataljon.pdf\">Mostarski bataljon<\/a>, Mostar; Konjhod\u017ei\u0107, Mahmud (1981): <a href=\"https:\/\/www.cidom.org\/wp-content\/uploads\/2017\/11\/Mahmud-Konjhod%C5%BEi%C4%87-Mostarke.pdf\">\u201cMostarke\u201d<\/a>: fragmenti o revolucionarnoj djelatnosti i patriotskoj opredjeljenosti \u017eena Mostara, o njihovoj borbi za slobodu i socijalizam, Op\u0161tinski odbor SUBNOR-a Mostar; Seferovi\u0107, Mensur: <a href=\"https:\/\/www.scribd.com\/document\/459226154\/Mostarski-Kolopleti\">Mostarski kolopleti<\/a>, edicija \u201cMostar u borbi za slobodu\u201d, knjiga 8, Mostar; D\u017eemil \u0160arac, \u010dlanak \u201eSa Mostarcima\u201c, Hercegovina br 9, str 221; grupa autora: Spomenica Mostara 1941-1945., spomenicinob.info.<\/p>\r\n<p>article \"Ulica bra\u0107e Krpo\", \u0160. Pa\u0161i\u0107 (ustupio CIDOM)<br \/><em>Photo of the memorial plaque<\/em>: S. Demirovi\u0107; spomeniciNOB.info<\/p>\r\n<p>&nbsp;<\/p>","ptb_partizan_datum_rodzenja":"(1922. Mostar \u2013 1944. \u0110ani\u0107i)","ptb_partizan_godina":"22","ptb_partizan_galerija_1":{"url":["http:\/\/partizansko.info\/wp-content\/uploads\/2023\/05\/djaci-1930.jpg","http:\/\/partizansko.info\/wp-content\/uploads\/2024\/11\/Krpo-Ejub-Alija-Skakala.jpg","http:\/\/partizansko.info\/wp-content\/uploads\/2024\/11\/Krpo-Ejub-Alija-braca-Neretva.jpg","http:\/\/partizansko.info\/wp-content\/uploads\/2023\/05\/Krpo-Ejub.jpg","http:\/\/partizansko.info\/wp-content\/uploads\/2023\/05\/Ejub-Krpo-smrt.jpg","http:\/\/partizansko.info\/wp-content\/uploads\/2023\/05\/Krpo-Ejub-thumbnail_IMG_20220405_101420.jpg","http:\/\/partizansko.info\/wp-content\/uploads\/2023\/05\/Krpina.jpg","http:\/\/partizansko.info\/wp-content\/uploads\/2023\/05\/Brace-Krpo-ulica-Carina-1.jpg"],"link":["","","","","","","",""],"title":["pupils with their teacher, around 1930. Ejub Krpo is in the center, #24. Archives of the \u0160esti\u0107 family.","Ejub and Alija Krpo with a friend. Photo taken on the Neretva river, location: Skakala","Ejub and Alija Krpo, brothers. Photo taken on the Neretva river.","Ejub Krpo, from the newspaper Sloboda 1950s","an article about the killing of Ejub Krpo, \"Sloboda\", 1950s","memorial plaque to fallen fighters in D\u017eani\u0107i (source: spomeniciNOB.info)","Krpina street in Mostar (google maps)","article: Ulica Bra\u0107e Krpo (Carina)"],"description":["","","","","","","",""]},"ptb_partizan_poruka_":"Do you have more information about this fighter? <a href=\"\/en\/kontakt\">Share<\/a> your stories and photographs. Let's keep the memory alive!","ptb_partizan_ploca":{"1":"http:\/\/partizansko.info\/wp-content\/uploads\/2023\/05\/Krpo-Ejub-IMG_3028-rotated.jpg","2":"http:\/\/partizansko.info\/wp-content\/uploads\/2023\/05\/Krpo-Ejub-IMG_3028-rotated.jpg"},"ptb_partizan_spisak_info":["partizan_spisak_info_1","partizan_spisak_info_2","partizan_spisak_info_3"]},"ptb_taxonomy":{"category":[{"term_id":314,"name":"18-25 y\/o","slug":"18-25-g-en","term_group":0,"term_taxonomy_id":314,"taxonomy":"category","description":"","parent":0,"count":415,"filter":"raw"},{"term_id":336,"name":"died in 1944","slug":"poginuli-1944-en","term_group":0,"term_taxonomy_id":336,"taxonomy":"category","description":"","parent":0,"count":159,"filter":"raw"},{"term_id":316,"name":"died in BiH","slug":"poginuli-u-bih-en","term_group":0,"term_taxonomy_id":316,"taxonomy":"category","description":"","parent":0,"count":518,"filter":"raw"}],"post_tag":[{"term_id":317,"name":"Fallen fighters of the Mostar Battalion.","slug":"bataljon-en","term_group":0,"term_taxonomy_id":317,"taxonomy":"post_tag","description":"[gallery link=\"file\" size=\"medium\" ids=\"7114,7116,7122\"]\r\n\r\nMostar Battalion was formed as the \"Konji\u010dki\" in September 1941. Until the formation of the 13th Herzegovina Brigade in May 1944, 827 fighters passed through the Battalion, and 445 of them perished, including 211 from Mostar. Of the 86 women, 43 were killed. Mostar residents also fought in many other units of the NOVJ (People's Liberation Army of Yugoslavia) and among the ranks of the activists of the National Liberation War in Mostar and other cities in Bosnia and Herzegovina... According to the records of the organization SUBNOR Mostar, every third citizen was an activist of the National Liberation War, 670 fighters were killed, 1517 were victims of fascist terror, and 206 were civilian war victims. D\u017eemil \u0160arac, article \"Sa Mostarcima\" (\"With the People from Mostar\"), Hercegovina No. 9, p. 221.\r\n\r\n\"And we were all young. Those of us who were 17, 18 years old, some seemed old even though they were not older than 25. The ones over 30 were rare. There were girls and boys with different characteristics and temperaments, robust and calm, talkative and silent, recklessly brave and rational, ordinary and above-average, semi-literate and university-educated, workers and highly skilled craftsmen, high school students and university students, skilled singers and those who couldn't carry a tune, jokers and serious-minded individuals. From all our nations and religions: Muslims, Croats, Serbs, Jews, Orthodox Christians, Catholics, Muslims, Jews, atheists, and semi-atheists. Some were from straight from Mostar and others from the surrounding locations, from Konjic and outside Konjic.\" (Hercegovina Magazine No. 7, p. 238)\r\n\r\nGroups of new fighters arrived from Mostar every 10-15 days, and the Unit quickly grew into a solid military force. The guides for the groups from Mostar were Mehmed Arap, Vasa Maslo, Serif Buri\u0107, Husa Orman, Vojo Ivani\u0161evi\u0107, and Pero Krajina, who were among the bravest and most resourceful fighters. The groups regularly brought not only weapons but also medical supplies, sugar for the hospital, writing materials, large quantities of paper, books taken from the National Library (which formed the library at Borci), and other supplies for the needs of the Unit. (Source: <a href=\"https:\/\/www.cidom.org\/wp-content\/uploads\/2017\/11\/Hercegovina-u-NOB-1.pdf\"><u>https:\/\/www.cidom.org\/wp-content\/uploads\/2017\/11\/Hercegovina-u-NOB-1.pdf<\/u><\/a>)\r\n\r\nAfter the war, a street in Mostar was named after the Mostar Battalion.","parent":0,"count":240,"filter":"raw"},{"term_id":330,"name":"foto","slug":"foto-en","term_group":0,"term_taxonomy_id":330,"taxonomy":"post_tag","description":"","parent":0,"count":290,"filter":"raw"},{"term_id":421,"name":"Krpo","slug":"krpo-en","term_group":0,"term_taxonomy_id":421,"taxonomy":"post_tag","description":"","parent":0,"count":2,"filter":"raw"}],"prezime":[{"term_id":417,"name":"K","slug":"k-en","term_group":0,"term_taxonomy_id":417,"taxonomy":"prezime","description":"","parent":0,"count":72,"filter":"raw"}]},"ptb_featured_image":{"url":"http:\/\/partizansko.info\/wp-content\/uploads\/2023\/05\/Krpo-Ejub-2.jpg","title":"Krpo Ejub 2","caption":""},"builder_content":"","_links":{"self":[{"href":"https:\/\/partizansko.info\/en\/wp-json\/wp\/v2\/partizan\/12776","targetHints":{"allow":["GET"]}}],"collection":[{"href":"https:\/\/partizansko.info\/en\/wp-json\/wp\/v2\/partizan"}],"about":[{"href":"https:\/\/partizansko.info\/en\/wp-json\/wp\/v2\/types\/partizan"}],"version-history":[{"count":3,"href":"https:\/\/partizansko.info\/en\/wp-json\/wp\/v2\/partizan\/12776\/revisions"}],"predecessor-version":[{"id":16310,"href":"https:\/\/partizansko.info\/en\/wp-json\/wp\/v2\/partizan\/12776\/revisions\/16310"}],"wp:featuredmedia":[{"embeddable":true,"href":"https:\/\/partizansko.info\/en\/wp-json\/wp\/v2\/media\/28112"}],"wp:attachment":[{"href":"https:\/\/partizansko.info\/en\/wp-json\/wp\/v2\/media?parent=12776"}],"wp:term":[{"taxonomy":"category","embeddable":true,"href":"https:\/\/partizansko.info\/en\/wp-json\/wp\/v2\/categories?post=12776"},{"taxonomy":"post_tag","embeddable":true,"href":"https:\/\/partizansko.info\/en\/wp-json\/wp\/v2\/tags?post=12776"},{"taxonomy":"prezime","embeddable":true,"href":"https:\/\/partizansko.info\/en\/wp-json\/wp\/v2\/prezime?post=12776"}],"curies":[{"name":"wp","href":"https:\/\/api.w.org\/{rel}","templated":true}]}}

<!-- wp:themify-builder/canvas /-->


<p>EJUB KRPO, son of SULEJMAN, born on May 10, 1922, in Mostar, a student at the Teacher Training School, a member of SKOJ (League of Communist Youth of Yugoslavia) since 1941. He participated in numerous actions of the school and neighborhood SKOJ organization. Arrested by the Italians in August 1942. Joined the National Liberation Army and Partisans&#8217; Detachments of Yugoslavia in October 1943, and from May 1944, worked as a political worker in the Prozor area. According to an article, he was described as a &#8220;dedicated field worker.&#8221; A fighter, captured by the Ustaše (Croatian fascist regime) on November 19, 1944, in Džanići near Konjic, and killed. He was buried in a mass grave at the partisan cemetery in Džanići. In 1952, a monument with a memorial plaque to the fallen fighters was erected at that location.</p>



<p>A street in Mostar is named after the Krpo brothers.</p>



<p></p>



<p>Excerpt:</p>



<p><em>Regarding Ejub&#8217;s death, Mensur Seferović wrote that he &#8220;as a field party worker in the semi-liberated territory, offered such strong resistance to a German sabotage group that attacked a small group of partisans, that later, while wounded, they nailed him to the door of a village house.&#8221; Ejub was remembered in Mostar as a &#8220;strong young man and a swimmer from the Neretva River.&#8221;</em></p>

<p>Ćemalović, Enver (1986): <a href="http://www.cidom.org/wp-content/uploads/2017/11/Enver-%C4%86emalovi%C4%87-Mostarski-bataljon.pdf">Mostarski bataljon</a>, Mostar; Konjhodžić, Mahmud (1981): <a href="https://www.cidom.org/wp-content/uploads/2017/11/Mahmud-Konjhod%C5%BEi%C4%87-Mostarke.pdf">“Mostarke”</a>: fragmenti o revolucionarnoj djelatnosti i patriotskoj opredjeljenosti žena Mostara, o njihovoj borbi za slobodu i socijalizam, Opštinski odbor SUBNOR-a Mostar; Seferović, Mensur: <a href="https://www.scribd.com/document/459226154/Mostarski-Kolopleti">Mostarski kolopleti</a>, edicija “Mostar u borbi za slobodu”, knjiga 8, Mostar; Džemil Šarac, članak „Sa Mostarcima“, Hercegovina br 9, str 221; grupa autora: Spomenica Mostara 1941-1945., spomenicinob.info.</p>
<p>article "Ulica braće Krpo", Š. Pašić (ustupio CIDOM)<br /><em>Photo of the memorial plaque</em>: S. Demirović; spomeniciNOB.info</p>
<p>&nbsp;</p>

(1922. Mostar – 1944. Đanići)

pupils with their teacher, around 1930. Ejub Krpo is in the center, #24. Archives of the Šestić family.

memorial plaque to fallen fighters in Džanići (source: spomeniciNOB.info)

article: Ulica Braće Krpo (Carina)

[gallery link="file" size="medium" ids="7114,7116,7122"]

Mostar Battalion was formed as the "Konjički" in September 1941. Until the formation of the 13th Herzegovina Brigade in May 1944, 827 fighters passed through the Battalion, and 445 of them perished, including 211 from Mostar. Of the 86 women, 43 were killed. Mostar residents also fought in many other units of the NOVJ (People's Liberation Army of Yugoslavia) and among the ranks of the activists of the National Liberation War in Mostar and other cities in Bosnia and Herzegovina... According to the records of the organization SUBNOR Mostar, every third citizen was an activist of the National Liberation War, 670 fighters were killed, 1517 were victims of fascist terror, and 206 were civilian war victims. Džemil Šarac, article "Sa Mostarcima" ("With the People from Mostar"), Hercegovina No. 9, p. 221.

"And we were all young. Those of us who were 17, 18 years old, some seemed old even though they were not older than 25. The ones over 30 were rare. There were girls and boys with different characteristics and temperaments, robust and calm, talkative and silent, recklessly brave and rational, ordinary and above-average, semi-literate and university-educated, workers and highly skilled craftsmen, high school students and university students, skilled singers and those who couldn't carry a tune, jokers and serious-minded individuals. From all our nations and religions: Muslims, Croats, Serbs, Jews, Orthodox Christians, Catholics, Muslims, Jews, atheists, and semi-atheists. Some were from straight from Mostar and others from the surrounding locations, from Konjic and outside Konjic." (Hercegovina Magazine No. 7, p. 238)

Groups of new fighters arrived from Mostar every 10-15 days, and the Unit quickly grew into a solid military force. The guides for the groups from Mostar were Mehmed Arap, Vasa Maslo, Serif Burić, Husa Orman, Vojo Ivanišević, and Pero Krajina, who were among the bravest and most resourceful fighters. The groups regularly brought not only weapons but also medical supplies, sugar for the hospital, writing materials, large quantities of paper, books taken from the National Library (which formed the library at Borci), and other supplies for the needs of the Unit. (Source: <a href="https://www.cidom.org/wp-content/uploads/2017/11/Hercegovina-u-NOB-1.pdf"><u>https://www.cidom.org/wp-content/uploads/2017/11/Hercegovina-u-NOB-1.pdf</u></a>)

After the war, a street in Mostar was named after the Mostar Battalion.
