{"id":12644,"date":"2023-05-14T19:47:02","date_gmt":"2023-05-14T18:47:02","guid":{"rendered":"https:\/\/partizansko.info\/partizan\/milan-r-ivanisevic\/"},"modified":"2023-09-09T13:42:47","modified_gmt":"2023-09-09T12:42:47","slug":"milan-r-ivanisevic","status":"publish","type":"partizan","link":"https:\/\/partizansko.info\/en\/partizan\/milan-r-ivanisevic\/","title":{"rendered":"Milan R. IVANI\u0160EVI\u0106"},"content":{"rendered":"<!-- wp:themify-builder\/canvas \/-->\n\n\n<p>MILAN IVANI\u0160EVI\u0106 MI\u0106A, son of RISTO, born in 1921 in Nevesinje. Worker, lived and worked in Mostar. Member of the League of Communist Youth (SKOJ) since 1941 and KPJ since 1942. In the Battalion from December 1941, killed in Turbet near Travnik during the attack on Komar and Gole\u0161 in January 1943. Younger brother of <a href=\"https:\/\/partizansko.info\/en\/partizan\/radojka-r-gnjatic-ivanisevic\/\">Radojka Race Gnjati\u0107-Ivani\u0161evi\u0107<\/a> and Voja Ivani\u0161evi\u0107.<\/p>\n\n\n\n<p>Enver \u0106emalovi\u0107 wrote the following about Mi\u0107o: &#8220;On that occasion, the first fighter Milan Mi\u0107o Ivani\u0161evi\u0107 was killed, and he was laid to rest by his brother and sister, Vojo and Raca, while the rest couldn&#8217;t hold back their tears. Mi\u0107o was an exemplary comrade.&#8221;<\/p>\n\n\n\n<p>And Mensur Seferovi\u0107 left the following record of Mi\u0107o&#8217;s death:<\/p>\n\n\n\n<p><em>&#8220;(&#8230;) On January 8, in a battle with the Usta\u0161e near the village of Varo\u0161luka, the SKOJ member Milan Ivani\u0161evi\u0107 Mi\u0107a fell, fatally shot. (&#8230;) The attempt of the medic <a class=\"wpil_keyword_link\" href=\"https:\/\/partizansko.info\/en\/partizan\/esrefa-o-bilic\/\" title=\"E\u0161refa Bili\u0107\" data-wpil-keyword-link=\"linked\">E\u0161refa Bili\u0107<\/a> to save the wounded comrade was in vain, as she herself later fell victim to a bullet. Machine gun bursts were still sweeping across the clearings and pouring all around when above Mi\u0107a&#8217;s grave stood the deeply moved bombadiers, friends and comrades, Mi\u0107a&#8217;s older brother Vojo and sister Radojka, known as Raca, all three fighters of the forty-first battalion, with Raca symbolizing that summer with her moral strength all that is most beautiful and most combative that the land gave to proletarian Mostar.&#8221;<\/em><\/p>\n","protected":false},"excerpt":{"rendered":"<p>MILAN IVANI\u0160EVI\u0106 MI\u0106A, son of RISTO, born in 1921 in Nevesinje. Worker, lived and worked in Mostar. Member of the League of Communist Youth (SKOJ) since 1941 and KPJ since 1942. In the Battalion from December 1941, killed in Turbet near Travnik during the attack on Komar and Gole\u0161 in January 1943. Younger brother of [&hellip;]<\/p>\n","protected":false},"featured_media":9313,"parent":0,"menu_order":0,"template":"","categories":[314,315,316],"tags":[317,399],"prezime":[407],"class_list":["post-12644","partizan","type-partizan","status-publish","has-post-thumbnail","hentry","category-18-25-g-en","category-poginuli-1943-en","category-poginuli-u-bih-en","tag-bataljon-en","tag-ivanisevic-en","prezime-i-en","has-post-title","has-post-date","has-post-category","has-post-tag","has-post-comment","has-post-author",""],"ptb_metabox":{"ptb_partizan_izvori":"<p>\u0106emalovi\u0107, Enver (1986): <a href=\"http:\/\/www.cidom.org\/wp-content\/uploads\/2017\/11\/Enver-%C4%86emalovi%C4%87-Mostarski-bataljon.pdf\">Mostarski bataljon<\/a>, Mostar; Seferovi\u0107, Mensur (1981): \u201e<a href=\"https:\/\/www.scribd.com\/document\/459224076\/Istocno-I-Zapadno\">Isto\u010dno i zapadno od Neretve<\/a>\u201c, \u201eNarodna armija\u201c, Beograd; grupa autora: Spomenica Mostara 1941-1945.<\/p>\r\n<p><em>Photo of the memorial plaque<\/em>: S. Demirovi\u0107.<\/p>","ptb_partizan_datum_rodzenja":"(1921. Nevesinje \u2013 1943. Travnik)","ptb_partizan_godina":"22","ptb_partizan_galerija_1":{"url":[""],"link":[""],"title":[""],"description":[""]},"ptb_partizan_poruka_":"Do you have more information about this fighter? <a href=\"\/en\/kontakt\">Share<\/a> your stories and photographs. Let's keep the memory alive!","ptb_partizan_ploca":{"1":"http:\/\/partizansko.info\/wp-content\/uploads\/2023\/05\/Ivanisevic-Milan-IMG_3062-rotated.jpg","2":"http:\/\/partizansko.info\/wp-content\/uploads\/2023\/05\/Ivanisevic-Milan-IMG_3062-rotated.jpg"},"ptb_partizan_spisak_info":["partizan_spisak_info_1","partizan_spisak_info_2","partizan_spisak_info_3"]},"ptb_taxonomy":{"category":[{"term_id":314,"name":"18-25 y\/o","slug":"18-25-g-en","term_group":0,"term_taxonomy_id":314,"taxonomy":"category","description":"","parent":0,"count":415,"filter":"raw"},{"term_id":315,"name":"died in 1943","slug":"poginuli-1943-en","term_group":0,"term_taxonomy_id":315,"taxonomy":"category","description":"","parent":0,"count":183,"filter":"raw"},{"term_id":316,"name":"died in BiH","slug":"poginuli-u-bih-en","term_group":0,"term_taxonomy_id":316,"taxonomy":"category","description":"","parent":0,"count":518,"filter":"raw"}],"post_tag":[{"term_id":317,"name":"Fallen fighters of the Mostar Battalion.","slug":"bataljon-en","term_group":0,"term_taxonomy_id":317,"taxonomy":"post_tag","description":"[gallery link=\"file\" size=\"medium\" ids=\"7114,7116,7122\"]\r\n\r\nMostar Battalion was formed as the \"Konji\u010dki\" in September 1941. Until the formation of the 13th Herzegovina Brigade in May 1944, 827 fighters passed through the Battalion, and 445 of them perished, including 211 from Mostar. Of the 86 women, 43 were killed. Mostar residents also fought in many other units of the NOVJ (People's Liberation Army of Yugoslavia) and among the ranks of the activists of the National Liberation War in Mostar and other cities in Bosnia and Herzegovina... According to the records of the organization SUBNOR Mostar, every third citizen was an activist of the National Liberation War, 670 fighters were killed, 1517 were victims of fascist terror, and 206 were civilian war victims. D\u017eemil \u0160arac, article \"Sa Mostarcima\" (\"With the People from Mostar\"), Hercegovina No. 9, p. 221.\r\n\r\n\"And we were all young. Those of us who were 17, 18 years old, some seemed old even though they were not older than 25. The ones over 30 were rare. There were girls and boys with different characteristics and temperaments, robust and calm, talkative and silent, recklessly brave and rational, ordinary and above-average, semi-literate and university-educated, workers and highly skilled craftsmen, high school students and university students, skilled singers and those who couldn't carry a tune, jokers and serious-minded individuals. From all our nations and religions: Muslims, Croats, Serbs, Jews, Orthodox Christians, Catholics, Muslims, Jews, atheists, and semi-atheists. Some were from straight from Mostar and others from the surrounding locations, from Konjic and outside Konjic.\" (Hercegovina Magazine No. 7, p. 238)\r\n\r\nGroups of new fighters arrived from Mostar every 10-15 days, and the Unit quickly grew into a solid military force. The guides for the groups from Mostar were Mehmed Arap, Vasa Maslo, Serif Buri\u0107, Husa Orman, Vojo Ivani\u0161evi\u0107, and Pero Krajina, who were among the bravest and most resourceful fighters. The groups regularly brought not only weapons but also medical supplies, sugar for the hospital, writing materials, large quantities of paper, books taken from the National Library (which formed the library at Borci), and other supplies for the needs of the Unit. (Source: <a href=\"https:\/\/www.cidom.org\/wp-content\/uploads\/2017\/11\/Hercegovina-u-NOB-1.pdf\"><u>https:\/\/www.cidom.org\/wp-content\/uploads\/2017\/11\/Hercegovina-u-NOB-1.pdf<\/u><\/a>)\r\n\r\nAfter the war, a street in Mostar was named after the Mostar Battalion.","parent":0,"count":240,"filter":"raw"},{"term_id":399,"name":"Ivani\u0161evi\u0107","slug":"ivanisevic-en","term_group":0,"term_taxonomy_id":399,"taxonomy":"post_tag","description":"","parent":0,"count":2,"filter":"raw"}],"prezime":[{"term_id":407,"name":"I","slug":"i-en","term_group":0,"term_taxonomy_id":407,"taxonomy":"prezime","description":"","parent":0,"count":14,"filter":"raw"}]},"ptb_featured_image":{"url":"http:\/\/partizansko.info\/wp-content\/uploads\/2023\/04\/no-picture.png","title":"no-picture","caption":""},"builder_content":"","_links":{"self":[{"href":"https:\/\/partizansko.info\/en\/wp-json\/wp\/v2\/partizan\/12644","targetHints":{"allow":["GET"]}}],"collection":[{"href":"https:\/\/partizansko.info\/en\/wp-json\/wp\/v2\/partizan"}],"about":[{"href":"https:\/\/partizansko.info\/en\/wp-json\/wp\/v2\/types\/partizan"}],"version-history":[{"count":2,"href":"https:\/\/partizansko.info\/en\/wp-json\/wp\/v2\/partizan\/12644\/revisions"}],"predecessor-version":[{"id":14726,"href":"https:\/\/partizansko.info\/en\/wp-json\/wp\/v2\/partizan\/12644\/revisions\/14726"}],"wp:featuredmedia":[{"embeddable":true,"href":"https:\/\/partizansko.info\/en\/wp-json\/wp\/v2\/media\/9313"}],"wp:attachment":[{"href":"https:\/\/partizansko.info\/en\/wp-json\/wp\/v2\/media?parent=12644"}],"wp:term":[{"taxonomy":"category","embeddable":true,"href":"https:\/\/partizansko.info\/en\/wp-json\/wp\/v2\/categories?post=12644"},{"taxonomy":"post_tag","embeddable":true,"href":"https:\/\/partizansko.info\/en\/wp-json\/wp\/v2\/tags?post=12644"},{"taxonomy":"prezime","embeddable":true,"href":"https:\/\/partizansko.info\/en\/wp-json\/wp\/v2\/prezime?post=12644"}],"curies":[{"name":"wp","href":"https:\/\/api.w.org\/{rel}","templated":true}]}}

Milan R. IVANIŠEVIĆ

<!-- wp:themify-builder/canvas /-->


<p>MILAN IVANIŠEVIĆ MIĆA, son of RISTO, born in 1921 in Nevesinje. Worker, lived and worked in Mostar. Member of the League of Communist Youth (SKOJ) since 1941 and KPJ since 1942. In the Battalion from December 1941, killed in Turbet near Travnik during the attack on Komar and Goleš in January 1943. Younger brother of <a href="https://partizansko.info/en/partizan/radojka-r-gnjatic-ivanisevic/">Radojka Race Gnjatić-Ivanišević</a> and Voja Ivanišević.</p>



<p>Enver Ćemalović wrote the following about Mićo: &#8220;On that occasion, the first fighter Milan Mićo Ivanišević was killed, and he was laid to rest by his brother and sister, Vojo and Raca, while the rest couldn&#8217;t hold back their tears. Mićo was an exemplary comrade.&#8221;</p>



<p>And Mensur Seferović left the following record of Mićo&#8217;s death:</p>



<p><em>&#8220;(&#8230;) On January 8, in a battle with the Ustaše near the village of Varošluka, the SKOJ member Milan Ivanišević Mića fell, fatally shot. (&#8230;) The attempt of the medic <a class="wpil_keyword_link" href="https://partizansko.info/en/partizan/esrefa-o-bilic/" title="Ešrefa Bilić" data-wpil-keyword-link="linked">Ešrefa Bilić</a> to save the wounded comrade was in vain, as she herself later fell victim to a bullet. Machine gun bursts were still sweeping across the clearings and pouring all around when above Mića&#8217;s grave stood the deeply moved bombadiers, friends and comrades, Mića&#8217;s older brother Vojo and sister Radojka, known as Raca, all three fighters of the forty-first battalion, with Raca symbolizing that summer with her moral strength all that is most beautiful and most combative that the land gave to proletarian Mostar.&#8221;</em></p>

<p>MILAN IVANIŠEVIĆ MIĆA, son of RISTO, born in 1921 in Nevesinje. Worker, lived and worked in Mostar. Member of the League of Communist Youth (SKOJ) since 1941 and KPJ since 1942. In the Battalion from December 1941, killed in Turbet near Travnik during the attack on Komar and Goleš in January 1943. Younger brother of [&hellip;]</p>

<p>Ćemalović, Enver (1986): <a href="http://www.cidom.org/wp-content/uploads/2017/11/Enver-%C4%86emalovi%C4%87-Mostarski-bataljon.pdf">Mostarski bataljon</a>, Mostar; Seferović, Mensur (1981): „<a href="https://www.scribd.com/document/459224076/Istocno-I-Zapadno">Istočno i zapadno od Neretve</a>“, „Narodna armija“, Beograd; grupa autora: Spomenica Mostara 1941-1945.</p>
<p><em>Photo of the memorial plaque</em>: S. Demirović.</p>

[gallery link="file" size="medium" ids="7114,7116,7122"]

Mostar Battalion was formed as the "Konjički" in September 1941. Until the formation of the 13th Herzegovina Brigade in May 1944, 827 fighters passed through the Battalion, and 445 of them perished, including 211 from Mostar. Of the 86 women, 43 were killed. Mostar residents also fought in many other units of the NOVJ (People's Liberation Army of Yugoslavia) and among the ranks of the activists of the National Liberation War in Mostar and other cities in Bosnia and Herzegovina... According to the records of the organization SUBNOR Mostar, every third citizen was an activist of the National Liberation War, 670 fighters were killed, 1517 were victims of fascist terror, and 206 were civilian war victims. Džemil Šarac, article "Sa Mostarcima" ("With the People from Mostar"), Hercegovina No. 9, p. 221.

"And we were all young. Those of us who were 17, 18 years old, some seemed old even though they were not older than 25. The ones over 30 were rare. There were girls and boys with different characteristics and temperaments, robust and calm, talkative and silent, recklessly brave and rational, ordinary and above-average, semi-literate and university-educated, workers and highly skilled craftsmen, high school students and university students, skilled singers and those who couldn't carry a tune, jokers and serious-minded individuals. From all our nations and religions: Muslims, Croats, Serbs, Jews, Orthodox Christians, Catholics, Muslims, Jews, atheists, and semi-atheists. Some were from straight from Mostar and others from the surrounding locations, from Konjic and outside Konjic." (Hercegovina Magazine No. 7, p. 238)

Groups of new fighters arrived from Mostar every 10-15 days, and the Unit quickly grew into a solid military force. The guides for the groups from Mostar were Mehmed Arap, Vasa Maslo, Serif Burić, Husa Orman, Vojo Ivanišević, and Pero Krajina, who were among the bravest and most resourceful fighters. The groups regularly brought not only weapons but also medical supplies, sugar for the hospital, writing materials, large quantities of paper, books taken from the National Library (which formed the library at Borci), and other supplies for the needs of the Unit. (Source: <a href="https://www.cidom.org/wp-content/uploads/2017/11/Hercegovina-u-NOB-1.pdf"><u>https://www.cidom.org/wp-content/uploads/2017/11/Hercegovina-u-NOB-1.pdf</u></a>)

After the war, a street in Mostar was named after the Mostar Battalion.

Ivanišević
