{"id":12033,"date":"2023-05-16T17:38:31","date_gmt":"2023-05-16T16:38:31","guid":{"rendered":"https:\/\/partizansko.info\/partizan\/salko-s-cukur\/"},"modified":"2023-09-09T21:15:30","modified_gmt":"2023-09-09T20:15:30","slug":"salko-s-cukur","status":"publish","type":"partizan","link":"https:\/\/partizansko.info\/en\/partizan\/salko-s-cukur\/","title":{"rendered":"Salko S. \u010cUKUR\u00a0"},"content":{"rendered":"<!-- wp:themify-builder\/canvas \/-->\n\n\n<p>SALIH SALKO \u010cUKUR, son of SALIH, born on January 20, 1922, in Mostar. Tailor. Member of the League of Communist Youth (SKOJ) since 1941, fighter of the 3rd Battalion, in the People&#8217;s Liberation War (NOB) since 1941, member of SKOJ since 1941. According to the list of fallen fighters published by E. \u0106emalovi\u0107 in the book &#8220;Mostarski bataljon&#8221; and the book &#8220;Spomenica Mostara 1941-1945&#8221;, Salko \u010cukur is listed as a surviving fighter from the Battle of Sutjeska. However, one month after the end of the offensive, he was captured in a raid in Mostar and executed in Ovojci, which makes the original inscription on the memorial plaque inaccurate*.<\/p>\n\n\n\n<p>A monument was erected in Ovojci after the war, on which the names of the executed fighters are engraved.<\/p>\n\n\n\n<p><\/p>\n","protected":false},"excerpt":{"rendered":"<p>SALIH SALKO \u010cUKUR, son of SALIH, born on January 20, 1922, in Mostar. Tailor. Member of the League of Communist Youth (SKOJ) since 1941, fighter of the 3rd Battalion, in the People&#8217;s Liberation War (NOB) since 1941, member of SKOJ since 1941. According to the list of fallen fighters published by E. \u0106emalovi\u0107 in the [&hellip;]<\/p>\n","protected":false},"featured_media":9313,"parent":0,"menu_order":0,"template":"","categories":[314,315,316],"tags":[483,317,355],"prezime":[372],"class_list":["post-12033","partizan","type-partizan","status-publish","has-post-thumbnail","hentry","category-18-25-g-en","category-poginuli-1943-en","category-poginuli-u-bih-en","tag-borci-streljani-na-ovojcima","tag-bataljon-en","tag-streljani-na-ovojcima-en","prezime-c-4-en","has-post-title","has-post-date","has-post-category","has-post-tag","has-post-comment","has-post-author",""],"ptb_metabox":{"ptb_partizan_izvori":"<p>\u0106emalovi\u0107, Enver (1986): <a href=\"http:\/\/www.cidom.org\/wp-content\/uploads\/2017\/11\/Enver-%C4%86emalovi%C4%87-Mostarski-bataljon.pdf\">Mostarski bataljon<\/a>, Mostar; Deseta Hercegova\u010dka brigada (spisak boraca) <a href=\"https:\/\/znaci.org\/00001\/129_16.pdf\">https:\/\/znaci.org\/00001\/129_16.pdf<\/a> ; grupa autora: Spomenica Mostara 1941-1945.<\/p>\r\n<p><em>Photo of the memorial plaque<\/em>: S. Demirovi\u0107, <a id=\"LPlnk799828\" href=\"http:\/\/spomenicinob.info\/\" target=\"_blank\" rel=\"noopener noreferrer\" data-auth=\"NotApplicable\" data-linkindex=\"0\">spomenicinob.info<\/a><\/p>","ptb_partizan_datum_rodzenja":"(1922. Mostar \u2013 1943. Sutjeska)","ptb_partizan_godina":"21","ptb_partizan_galerija_1":{"url":["http:\/\/partizansko.info\/wp-content\/uploads\/2023\/05\/cukur.jpg","http:\/\/partizansko.info\/wp-content\/uploads\/2023\/06\/ovojci-spomenik-photo_2022-10-06_22-17-31.jpg","http:\/\/partizansko.info\/wp-content\/uploads\/2023\/06\/ovojci-spomenik-photo_2022-10-06_22-19-43.jpg","http:\/\/partizansko.info\/wp-content\/uploads\/2023\/06\/ovojci-spomenik-photo_2022-10-06_22-19-40.jpg","http:\/\/partizansko.info\/wp-content\/uploads\/2023\/06\/ovojci-spomenik-thumbnail_IMG_20220405_102033.jpg"],"link":["","","","",""],"title":["\u010dukur","monument in Ovojci (2022, source: spomenicinob.info)","monument in Ovojci (2022, source: spomenicinob.info)","inscription on the monument in Ovojci (source: spomenicinob.info)","monument in Ovojci (at inception, source: spomenicinob.info)"],"description":["","","","",""]},"ptb_partizan_poruka_":"Do you have more information about this fighter? <a href=\"\/en\/kontakt\">Share<\/a> your stories and photographs. Let's keep the memory alive!","ptb_partizan_prepravke":"Corrections: Salko S. \u010cUKUR (1922. Mostar \u2013 1943. Ovojci)","ptb_partizan_ploca":{"1":"http:\/\/partizansko.info\/wp-content\/uploads\/2023\/05\/Cukur-Salko-IMG_3171-1-rotated.jpg","2":"http:\/\/partizansko.info\/wp-content\/uploads\/2023\/05\/Cukur-Salko-IMG_3171-1-rotated.jpg"},"ptb_partizan_spisak_info":["partizan_spisak_info_1","partizan_spisak_info_2","partizan_spisak_info_3"]},"ptb_taxonomy":{"category":[{"term_id":314,"name":"18-25 y\/o","slug":"18-25-g-en","term_group":0,"term_taxonomy_id":314,"taxonomy":"category","description":"","parent":0,"count":415,"filter":"raw"},{"term_id":315,"name":"died in 1943","slug":"poginuli-1943-en","term_group":0,"term_taxonomy_id":315,"taxonomy":"category","description":"","parent":0,"count":183,"filter":"raw"},{"term_id":316,"name":"died in BiH","slug":"poginuli-u-bih-en","term_group":0,"term_taxonomy_id":316,"taxonomy":"category","description":"","parent":0,"count":518,"filter":"raw"}],"post_tag":[{"term_id":483,"name":"Borci streljani na Ovojcima","slug":"borci-streljani-na-ovojcima","term_group":0,"term_taxonomy_id":483,"taxonomy":"post_tag","description":"","parent":0,"count":22,"filter":"raw"},{"term_id":317,"name":"Fallen fighters of the Mostar Battalion.","slug":"bataljon-en","term_group":0,"term_taxonomy_id":317,"taxonomy":"post_tag","description":"[gallery link=\"file\" size=\"medium\" ids=\"7114,7116,7122\"]\r\n\r\nMostar Battalion was formed as the \"Konji\u010dki\" in September 1941. Until the formation of the 13th Herzegovina Brigade in May 1944, 827 fighters passed through the Battalion, and 445 of them perished, including 211 from Mostar. Of the 86 women, 43 were killed. Mostar residents also fought in many other units of the NOVJ (People's Liberation Army of Yugoslavia) and among the ranks of the activists of the National Liberation War in Mostar and other cities in Bosnia and Herzegovina... According to the records of the organization SUBNOR Mostar, every third citizen was an activist of the National Liberation War, 670 fighters were killed, 1517 were victims of fascist terror, and 206 were civilian war victims. D\u017eemil \u0160arac, article \"Sa Mostarcima\" (\"With the People from Mostar\"), Hercegovina No. 9, p. 221.\r\n\r\n\"And we were all young. Those of us who were 17, 18 years old, some seemed old even though they were not older than 25. The ones over 30 were rare. There were girls and boys with different characteristics and temperaments, robust and calm, talkative and silent, recklessly brave and rational, ordinary and above-average, semi-literate and university-educated, workers and highly skilled craftsmen, high school students and university students, skilled singers and those who couldn't carry a tune, jokers and serious-minded individuals. From all our nations and religions: Muslims, Croats, Serbs, Jews, Orthodox Christians, Catholics, Muslims, Jews, atheists, and semi-atheists. Some were from straight from Mostar and others from the surrounding locations, from Konjic and outside Konjic.\" (Hercegovina Magazine No. 7, p. 238)\r\n\r\nGroups of new fighters arrived from Mostar every 10-15 days, and the Unit quickly grew into a solid military force. The guides for the groups from Mostar were Mehmed Arap, Vasa Maslo, Serif Buri\u0107, Husa Orman, Vojo Ivani\u0161evi\u0107, and Pero Krajina, who were among the bravest and most resourceful fighters. The groups regularly brought not only weapons but also medical supplies, sugar for the hospital, writing materials, large quantities of paper, books taken from the National Library (which formed the library at Borci), and other supplies for the needs of the Unit. (Source: <a href=\"https:\/\/www.cidom.org\/wp-content\/uploads\/2017\/11\/Hercegovina-u-NOB-1.pdf\"><u>https:\/\/www.cidom.org\/wp-content\/uploads\/2017\/11\/Hercegovina-u-NOB-1.pdf<\/u><\/a>)\r\n\r\nAfter the war, a street in Mostar was named after the Mostar Battalion.","parent":0,"count":240,"filter":"raw"},{"term_id":355,"name":"streljani na Ovojcima","slug":"streljani-na-ovojcima-en","term_group":0,"term_taxonomy_id":355,"taxonomy":"post_tag","description":"","parent":0,"count":25,"filter":"raw"}],"prezime":[{"term_id":372,"name":"\u010c","slug":"c-4-en","term_group":0,"term_taxonomy_id":372,"taxonomy":"prezime","description":"","parent":0,"count":10,"filter":"raw"}]},"ptb_featured_image":{"url":"http:\/\/partizansko.info\/wp-content\/uploads\/2023\/04\/no-picture.png","title":"no-picture","caption":""},"builder_content":"","_links":{"self":[{"href":"https:\/\/partizansko.info\/en\/wp-json\/wp\/v2\/partizan\/12033","targetHints":{"allow":["GET"]}}],"collection":[{"href":"https:\/\/partizansko.info\/en\/wp-json\/wp\/v2\/partizan"}],"about":[{"href":"https:\/\/partizansko.info\/en\/wp-json\/wp\/v2\/types\/partizan"}],"version-history":[{"count":2,"href":"https:\/\/partizansko.info\/en\/wp-json\/wp\/v2\/partizan\/12033\/revisions"}],"predecessor-version":[{"id":14918,"href":"https:\/\/partizansko.info\/en\/wp-json\/wp\/v2\/partizan\/12033\/revisions\/14918"}],"wp:featuredmedia":[{"embeddable":true,"href":"https:\/\/partizansko.info\/en\/wp-json\/wp\/v2\/media\/9313"}],"wp:attachment":[{"href":"https:\/\/partizansko.info\/en\/wp-json\/wp\/v2\/media?parent=12033"}],"wp:term":[{"taxonomy":"category","embeddable":true,"href":"https:\/\/partizansko.info\/en\/wp-json\/wp\/v2\/categories?post=12033"},{"taxonomy":"post_tag","embeddable":true,"href":"https:\/\/partizansko.info\/en\/wp-json\/wp\/v2\/tags?post=12033"},{"taxonomy":"prezime","embeddable":true,"href":"https:\/\/partizansko.info\/en\/wp-json\/wp\/v2\/prezime?post=12033"}],"curies":[{"name":"wp","href":"https:\/\/api.w.org\/{rel}","templated":true}]}}

Salko S. ČUKUR

<!-- wp:themify-builder/canvas /-->


<p>SALIH SALKO ČUKUR, son of SALIH, born on January 20, 1922, in Mostar. Tailor. Member of the League of Communist Youth (SKOJ) since 1941, fighter of the 3rd Battalion, in the People&#8217;s Liberation War (NOB) since 1941, member of SKOJ since 1941. According to the list of fallen fighters published by E. Ćemalović in the book &#8220;Mostarski bataljon&#8221; and the book &#8220;Spomenica Mostara 1941-1945&#8221;, Salko Čukur is listed as a surviving fighter from the Battle of Sutjeska. However, one month after the end of the offensive, he was captured in a raid in Mostar and executed in Ovojci, which makes the original inscription on the memorial plaque inaccurate*.</p>



<p>A monument was erected in Ovojci after the war, on which the names of the executed fighters are engraved.</p>



<p></p>

<p>SALIH SALKO ČUKUR, son of SALIH, born on January 20, 1922, in Mostar. Tailor. Member of the League of Communist Youth (SKOJ) since 1941, fighter of the 3rd Battalion, in the People&#8217;s Liberation War (NOB) since 1941, member of SKOJ since 1941. According to the list of fallen fighters published by E. Ćemalović in the [&hellip;]</p>

<p>Ćemalović, Enver (1986): <a href="http://www.cidom.org/wp-content/uploads/2017/11/Enver-%C4%86emalovi%C4%87-Mostarski-bataljon.pdf">Mostarski bataljon</a>, Mostar; Deseta Hercegovačka brigada (spisak boraca) <a href="https://znaci.org/00001/129_16.pdf">https://znaci.org/00001/129_16.pdf</a> ; grupa autora: Spomenica Mostara 1941-1945.</p>
<p><em>Photo of the memorial plaque</em>: S. Demirović, <a id="LPlnk799828" href="http://spomenicinob.info/" target="_blank" rel="noopener noreferrer" data-auth="NotApplicable" data-linkindex="0">spomenicinob.info</a></p>

čukur

Corrections: Salko S. ČUKUR (1922. Mostar – 1943. Ovojci)

[gallery link="file" size="medium" ids="7114,7116,7122"]

Mostar Battalion was formed as the "Konjički" in September 1941. Until the formation of the 13th Herzegovina Brigade in May 1944, 827 fighters passed through the Battalion, and 445 of them perished, including 211 from Mostar. Of the 86 women, 43 were killed. Mostar residents also fought in many other units of the NOVJ (People's Liberation Army of Yugoslavia) and among the ranks of the activists of the National Liberation War in Mostar and other cities in Bosnia and Herzegovina... According to the records of the organization SUBNOR Mostar, every third citizen was an activist of the National Liberation War, 670 fighters were killed, 1517 were victims of fascist terror, and 206 were civilian war victims. Džemil Šarac, article "Sa Mostarcima" ("With the People from Mostar"), Hercegovina No. 9, p. 221.

"And we were all young. Those of us who were 17, 18 years old, some seemed old even though they were not older than 25. The ones over 30 were rare. There were girls and boys with different characteristics and temperaments, robust and calm, talkative and silent, recklessly brave and rational, ordinary and above-average, semi-literate and university-educated, workers and highly skilled craftsmen, high school students and university students, skilled singers and those who couldn't carry a tune, jokers and serious-minded individuals. From all our nations and religions: Muslims, Croats, Serbs, Jews, Orthodox Christians, Catholics, Muslims, Jews, atheists, and semi-atheists. Some were from straight from Mostar and others from the surrounding locations, from Konjic and outside Konjic." (Hercegovina Magazine No. 7, p. 238)

Groups of new fighters arrived from Mostar every 10-15 days, and the Unit quickly grew into a solid military force. The guides for the groups from Mostar were Mehmed Arap, Vasa Maslo, Serif Burić, Husa Orman, Vojo Ivanišević, and Pero Krajina, who were among the bravest and most resourceful fighters. The groups regularly brought not only weapons but also medical supplies, sugar for the hospital, writing materials, large quantities of paper, books taken from the National Library (which formed the library at Borci), and other supplies for the needs of the Unit. (Source: <a href="https://www.cidom.org/wp-content/uploads/2017/11/Hercegovina-u-NOB-1.pdf"><u>https://www.cidom.org/wp-content/uploads/2017/11/Hercegovina-u-NOB-1.pdf</u></a>)

After the war, a street in Mostar was named after the Mostar Battalion.

Č
