{"id":11888,"date":"2023-05-16T18:55:37","date_gmt":"2023-05-16T17:55:37","guid":{"rendered":"https:\/\/partizansko.info\/partizan\/zlatko-s-bilal\/"},"modified":"2023-09-24T11:53:45","modified_gmt":"2023-09-24T10:53:45","slug":"zlatko-s-bilal","status":"publish","type":"partizan","link":"https:\/\/partizansko.info\/en\/partizan\/zlatko-s-bilal\/","title":{"rendered":"Zlatko \u0160. BILAL\u00a0"},"content":{"rendered":"<!-- wp:themify-builder\/canvas \/-->\n\n\n<p>ZLATAN ZLATKO BILAL, son of \u0160ERIF, born on July 31, 1927, in Vitina near Ljubu\u0161ki. He lived with his family in Mostar and was a student at the Gymnasium. In September 1941, he moved with his family to Zagreb. He was a member of the League of Communist Youth (SKOJ). Arrested by the Usta\u0161e and executed on May 9, 1945, in Gra\u010dani, Zagreb.<\/p>\n","protected":false},"excerpt":{"rendered":"<p>ZLATAN ZLATKO BILAL, son of \u0160ERIF, born on July 31, 1927, in Vitina near Ljubu\u0161ki. He lived with his family in Mostar and was a student at the Gymnasium. In September 1941, he moved with his family to Zagreb. He was a member of the League of Communist Youth (SKOJ). Arrested by the Usta\u0161e and [&hellip;]<\/p>\n","protected":false},"featured_media":9313,"parent":0,"menu_order":0,"template":"","categories":[336,309,346],"tags":[360,341],"prezime":[343],"class_list":["post-11888","partizan","type-partizan","status-publish","has-post-thumbnail","hentry","category-poginuli-1944-en","category-poginuli-u-hr-en","category-mladi-od-18-en","tag-bilal-en","tag-gimnazija-u-mostaru-en","prezime-b-en","has-post-title","has-post-date","has-post-category","has-post-tag","has-post-comment","has-post-author",""],"ptb_metabox":{"ptb_partizan_izvori":"<p>\u0106emalovi\u0107, Enver (1986): <a href=\"http:\/\/www.cidom.org\/wp-content\/uploads\/2017\/11\/Enver-%C4%86emalovi%C4%87-Mostarski-bataljon.pdf\">Mostarski bataljon<\/a>, Mostar; Deseta Hercegova\u010dka brigada (spisak boraca) <a href=\"https:\/\/znaci.org\/00001\/129_16.pdf\">https:\/\/znaci.org\/00001\/129_16.pdf<\/a> ; grupa autora: Spomenica Mostara 1941-1945.;\u00a0 <a href=\"http:\/\/arhinet.arhiv.hr\/details.aspx?ItemId=1_105512\">ARHiNET - Projekt Dotr\u0161\u0107ina: Zagrep\u010dani - revolucionari, antifa\u0161isti i \u017ertve fa\u0161isti\u010dkog terora 1941. - 1945. (podserija) (arhiv.hr)<\/a> ; Hrvatski dr\u017eavni arhiv, fond 1723, Gradska komisije CK SKH, Upitnici ubijenih.<\/p>\r\n<p><em>Photo of the memorial plaque:<\/em> S. Demirovi\u0107<\/p>","ptb_partizan_datum_rodzenja":"(1927. Vitina \u2013 1944. Zagreb)","ptb_partizan_godina":"17","ptb_partizan_galerija_1":{"url":["http:\/\/partizansko.info\/wp-content\/uploads\/2023\/05\/Bilal-Zlatko-2.jpg"],"link":[""],"title":["Zlatko Bilal, U Hrvatskom dr\u017eavnom arhivu, fond 1723, Gradska komisije CK SKH, Upitnici ubijenih"],"description":[""]},"ptb_partizan_poruka_":"Do you have more information about this fighter? <a href=\"\/en\/kontakt\">Share<\/a> your stories and photographs. Let's keep the memory alive!","ptb_partizan_ploca":{"1":"http:\/\/partizansko.info\/wp-content\/uploads\/2023\/05\/Bilal-Zlatko-IMG_3354-rotated.jpg","2":"http:\/\/partizansko.info\/wp-content\/uploads\/2023\/05\/Bilal-Zlatko-IMG_3354-rotated.jpg"},"ptb_partizan_spisak_info":["partizan_spisak_info_1","partizan_spisak_info_2","partizan_spisak_info_3"]},"ptb_taxonomy":{"category":[{"term_id":336,"name":"died in 1944","slug":"poginuli-1944-en","term_group":0,"term_taxonomy_id":336,"taxonomy":"category","description":"","parent":0,"count":159,"filter":"raw"},{"term_id":309,"name":"died in HR","slug":"poginuli-u-hr-en","term_group":0,"term_taxonomy_id":309,"taxonomy":"category","description":"","parent":0,"count":114,"filter":"raw"},{"term_id":346,"name":"younger than 18 years","slug":"mladi-od-18-en","term_group":0,"term_taxonomy_id":346,"taxonomy":"category","description":"","parent":0,"count":46,"filter":"raw"}],"post_tag":[{"term_id":360,"name":"Bilal","slug":"bilal-en","term_group":0,"term_taxonomy_id":360,"taxonomy":"post_tag","description":"","parent":0,"count":2,"filter":"raw"},{"term_id":341,"name":"Mostar's High school and its many fallen","slug":"gimnazija-u-mostaru-en","term_group":0,"term_taxonomy_id":341,"taxonomy":"post_tag","description":"Three professors and nearly 50 students of the most famous high school\u00a0 in Mostar (located in the orange building on one of the main squares) gave their lives in the People's Liberation War (NOB). Read about them here.","parent":0,"count":54,"filter":"raw"}],"prezime":[{"term_id":343,"name":"B","slug":"b-en","term_group":0,"term_taxonomy_id":343,"taxonomy":"prezime","description":"","parent":0,"count":80,"filter":"raw"}]},"ptb_featured_image":{"url":"http:\/\/partizansko.info\/wp-content\/uploads\/2023\/04\/no-picture.png","title":"no-picture","caption":""},"builder_content":"","_links":{"self":[{"href":"https:\/\/partizansko.info\/en\/wp-json\/wp\/v2\/partizan\/11888","targetHints":{"allow":["GET"]}}],"collection":[{"href":"https:\/\/partizansko.info\/en\/wp-json\/wp\/v2\/partizan"}],"about":[{"href":"https:\/\/partizansko.info\/en\/wp-json\/wp\/v2\/types\/partizan"}],"version-history":[{"count":3,"href":"https:\/\/partizansko.info\/en\/wp-json\/wp\/v2\/partizan\/11888\/revisions"}],"predecessor-version":[{"id":15324,"href":"https:\/\/partizansko.info\/en\/wp-json\/wp\/v2\/partizan\/11888\/revisions\/15324"}],"wp:featuredmedia":[{"embeddable":true,"href":"https:\/\/partizansko.info\/en\/wp-json\/wp\/v2\/media\/9313"}],"wp:attachment":[{"href":"https:\/\/partizansko.info\/en\/wp-json\/wp\/v2\/media?parent=11888"}],"wp:term":[{"taxonomy":"category","embeddable":true,"href":"https:\/\/partizansko.info\/en\/wp-json\/wp\/v2\/categories?post=11888"},{"taxonomy":"post_tag","embeddable":true,"href":"https:\/\/partizansko.info\/en\/wp-json\/wp\/v2\/tags?post=11888"},{"taxonomy":"prezime","embeddable":true,"href":"https:\/\/partizansko.info\/en\/wp-json\/wp\/v2\/prezime?post=11888"}],"curies":[{"name":"wp","href":"https:\/\/api.w.org\/{rel}","templated":true}]}}

Zlatko Š. BILAL

<!-- wp:themify-builder/canvas /-->


<p>ZLATAN ZLATKO BILAL, son of ŠERIF, born on July 31, 1927, in Vitina near Ljubuški. He lived with his family in Mostar and was a student at the Gymnasium. In September 1941, he moved with his family to Zagreb. He was a member of the League of Communist Youth (SKOJ). Arrested by the Ustaše and executed on May 9, 1945, in Gračani, Zagreb.</p>

<p>ZLATAN ZLATKO BILAL, son of ŠERIF, born on July 31, 1927, in Vitina near Ljubuški. He lived with his family in Mostar and was a student at the Gymnasium. In September 1941, he moved with his family to Zagreb. He was a member of the League of Communist Youth (SKOJ). Arrested by the Ustaše and [&hellip;]</p>

<p>Ćemalović, Enver (1986): <a href="http://www.cidom.org/wp-content/uploads/2017/11/Enver-%C4%86emalovi%C4%87-Mostarski-bataljon.pdf">Mostarski bataljon</a>, Mostar; Deseta Hercegovačka brigada (spisak boraca) <a href="https://znaci.org/00001/129_16.pdf">https://znaci.org/00001/129_16.pdf</a> ; grupa autora: Spomenica Mostara 1941-1945.;  <a href="http://arhinet.arhiv.hr/details.aspx?ItemId=1_105512">ARHiNET - Projekt Dotršćina: Zagrepčani - revolucionari, antifašisti i žrtve fašističkog terora 1941. - 1945. (podserija) (arhiv.hr)</a> ; Hrvatski državni arhiv, fond 1723, Gradska komisije CK SKH, Upitnici ubijenih.</p>
<p><em>Photo of the memorial plaque:</em> S. Demirović</p>

Zlatko Bilal, U Hrvatskom državnom arhivu, fond 1723, Gradska komisije CK SKH, Upitnici ubijenih
